
{"id":97,"date":"2016-01-18T18:12:08","date_gmt":"2016-01-18T22:12:08","guid":{"rendered":"http:\/\/cebem.org\/?page_id=97"},"modified":"2016-01-18T18:12:58","modified_gmt":"2016-01-18T22:12:58","slug":"proyectos","status":"publish","type":"page","link":"https:\/\/cebem.org\/?page_id=97","title":{"rendered":"Proyectos"},"content":{"rendered":"<p><strong>Cebem<\/strong> trabaja en alianza con otras instituciones desarrollando proyectos de investigaci\u00f3n, proyectos de capacitaci\u00f3n, conexiones entre pa\u00edses y comunidades, espacios comunes de interacci\u00f3n, y comunidades de aprendizaje.<\/p>\n<p>Todos los proyectos de <strong>Cebem<\/strong> tienen en com\u00fan temas como gesti\u00f3n del conocimiento, desarrollo de herramientas de aprendizaje, gesti\u00f3n territorial y acciones de promoci\u00f3n del desarrollo; son multidisciplinarios y promueven una visi\u00f3n comparativa que forma parte del aprendizaje cada vez m\u00e1s global y colectivo.<\/p>\n","protected":false},"excerpt":{"rendered":"<p>Cebem trabaja en alianza con otras instituciones desarrollando proyectos de investigaci\u00f3n, proyectos de capacitaci\u00f3n, conexiones entre pa\u00edses y comunidades, espacios comunes de interacci\u00f3n, y comunidades de aprendizaje. Todos los proyectos de Cebem tienen en com\u00fan temas como gesti\u00f3n del conocimiento, desarrollo de herramientas de aprendizaje, gesti\u00f3n territorial y acciones de promoci\u00f3n del desarrollo; son multidisciplinarios &hellip; <\/p>\n<p><a class=\"more-link btn\" href=\"https:\/\/cebem.org\/?page_id=97\">Seguir leyendo<\/a><\/p>\n","protected":false},"author":13,"featured_media":0,"parent":0,"menu_order":1,"comment_status":"closed","ping_status":"closed","template":"","meta":{"footnotes":""},"class_list":["post-97","page","type-page","status-publish","hentry","nodate","item-wrap"],"jetpack_sharing_enabled":false,"_links":{"self":[{"href":"https:\/\/cebem.org\/index.php?rest_route=\/wp\/v2\/pages\/97","targetHints":{"allow":["GET"]}}],"collection":[{"href":"https:\/\/cebem.org\/index.php?rest_route=\/wp\/v2\/pages"}],"about":[{"href":"https:\/\/cebem.org\/index.php?rest_route=\/wp\/v2\/types\/page"}],"author":[{"embeddable":true,"href":"https:\/\/cebem.org\/index.php?rest_route=\/wp\/v2\/users\/13"}],"replies":[{"embeddable":true,"href":"https:\/\/cebem.org\/index.php?rest_route=%2Fwp%2Fv2%2Fcomments&post=97"}],"version-history":[{"count":1,"href":"https:\/\/cebem.org\/index.php?rest_route=\/wp\/v2\/pages\/97\/revisions"}],"predecessor-version":[{"id":98,"href":"https:\/\/cebem.org\/index.php?rest_route=\/wp\/v2\/pages\/97\/revisions\/98"}],"wp:attachment":[{"href":"https:\/\/cebem.org\/index.php?rest_route=%2Fwp%2Fv2%2Fmedia&parent=97"}],"curies":[{"name":"wp","href":"https:\/\/api.w.org\/{rel}","templated":true}]}}