
{"id":9540,"date":"2022-01-28T23:53:12","date_gmt":"2022-01-29T03:53:12","guid":{"rendered":"https:\/\/cebem.org\/?page_id=9540"},"modified":"2024-05-13T11:24:15","modified_gmt":"2024-05-13T15:24:15","slug":"la-ruta-del-censo-2022","status":"publish","type":"page","link":"https:\/\/cebem.org\/?page_id=9540","title":{"rendered":"La Ruta del Censo 2022"},"content":{"rendered":"\n<div class=\"wp-block-image\"><figure class=\"aligncenter size-large is-resized\"><img data-recalc-dims=\"1\" fetchpriority=\"high\" decoding=\"async\" src=\"https:\/\/i0.wp.com\/cebem.org\/wp-content\/uploads\/2022\/01\/banner_ruta_censo_2022.jpg?resize=512%2C297&#038;ssl=1\" alt=\"\" class=\"wp-image-9541\" width=\"512\" height=\"297\" srcset=\"https:\/\/i0.wp.com\/cebem.org\/wp-content\/uploads\/2022\/01\/banner_ruta_censo_2022.jpg?resize=1024%2C593&amp;ssl=1 1024w, https:\/\/i0.wp.com\/cebem.org\/wp-content\/uploads\/2022\/01\/banner_ruta_censo_2022.jpg?resize=300%2C174&amp;ssl=1 300w, https:\/\/i0.wp.com\/cebem.org\/wp-content\/uploads\/2022\/01\/banner_ruta_censo_2022.jpg?resize=768%2C445&amp;ssl=1 768w, https:\/\/i0.wp.com\/cebem.org\/wp-content\/uploads\/2022\/01\/banner_ruta_censo_2022.jpg?resize=600%2C347&amp;ssl=1 600w, https:\/\/i0.wp.com\/cebem.org\/wp-content\/uploads\/2022\/01\/banner_ruta_censo_2022.jpg?resize=750%2C434&amp;ssl=1 750w, https:\/\/i0.wp.com\/cebem.org\/wp-content\/uploads\/2022\/01\/banner_ruta_censo_2022.jpg?w=1280&amp;ssl=1 1280w\" sizes=\"(max-width: 512px) 100vw, 512px\" \/><\/figure><\/div>\n\n\n\n<p>La Ruta del Censo 2022 es una iniciativa la cual brindar\u00e1 un acompa\u00f1amiento desde la sociedad civil al censo que se realizar\u00e1 en Bolivia, impulsada por diferentes redes, organizaciones e instituciones aliadas, para garantizar un proceso transparente.<\/p>\n\n\n\n<p>Le invitamos a leer las publicaciones que se emitieron hasta el momento:<\/p>\n\n\n\n<div class=\"wp-block-media-text is-stacked-on-mobile\" style=\"grid-template-columns:20% auto\"><figure class=\"wp-block-media-text__media\"><img data-recalc-dims=\"1\" decoding=\"async\" width=\"750\" height=\"629\" src=\"https:\/\/i0.wp.com\/cebem.org\/wp-content\/uploads\/2022\/02\/WhatsApp-Image-2022-02-16-at-11.23.20-5.jpeg?resize=750%2C629&#038;ssl=1\" alt=\"\" class=\"wp-image-9629 size-full\" srcset=\"https:\/\/i0.wp.com\/cebem.org\/wp-content\/uploads\/2022\/02\/WhatsApp-Image-2022-02-16-at-11.23.20-5.jpeg?w=940&amp;ssl=1 940w, https:\/\/i0.wp.com\/cebem.org\/wp-content\/uploads\/2022\/02\/WhatsApp-Image-2022-02-16-at-11.23.20-5.jpeg?resize=300%2C251&amp;ssl=1 300w, https:\/\/i0.wp.com\/cebem.org\/wp-content\/uploads\/2022\/02\/WhatsApp-Image-2022-02-16-at-11.23.20-5.jpeg?resize=768%2C644&amp;ssl=1 768w, https:\/\/i0.wp.com\/cebem.org\/wp-content\/uploads\/2022\/02\/WhatsApp-Image-2022-02-16-at-11.23.20-5.jpeg?resize=600%2C503&amp;ssl=1 600w, https:\/\/i0.wp.com\/cebem.org\/wp-content\/uploads\/2022\/02\/WhatsApp-Image-2022-02-16-at-11.23.20-5.jpeg?resize=750%2C629&amp;ssl=1 750w\" sizes=\"(max-width: 750px) 100vw, 750px\" \/><\/figure><div class=\"wp-block-media-text__content\">\n<p><strong>Preguntas sobre el Censo<\/strong><br>Algunas preguntas b\u00e1sicas qu\u00e9 hay sobre el censo para que pueda conocer m\u00e1s sobre este tema.<\/p>\n\n\n\n<div class=\"wp-block-file\"><a id=\"wp-block-file--media-16e0a324-7d99-4735-a4e1-c6a61600aafe\" href=\"https:\/\/cebem.org\/wp-content\/uploads\/2022\/02\/Preguntas_sobre_el_Censo2022.pdf\" target=\"_blank\" rel=\"noreferrer noopener\">Descargar en PDF<\/a><a href=\"https:\/\/cebem.org\/wp-content\/uploads\/2022\/02\/Preguntas_sobre_el_Censo2022.pdf\" class=\"wp-block-file__button\" download aria-describedby=\"wp-block-file--media-16e0a324-7d99-4735-a4e1-c6a61600aafe\">Descarga<\/a><\/div>\n<\/div><\/div>\n\n\n\n<div class=\"wp-block-media-text is-stacked-on-mobile\" style=\"grid-template-columns:20% auto\"><figure class=\"wp-block-media-text__media\"><img data-recalc-dims=\"1\" decoding=\"async\" width=\"519\" height=\"671\" src=\"https:\/\/i0.wp.com\/cebem.org\/wp-content\/uploads\/2022\/02\/nota-prensa1-ruta_censo2022.jpg?resize=519%2C671&#038;ssl=1\" alt=\"\" class=\"wp-image-9572 size-full\" srcset=\"https:\/\/i0.wp.com\/cebem.org\/wp-content\/uploads\/2022\/02\/nota-prensa1-ruta_censo2022.jpg?w=519&amp;ssl=1 519w, https:\/\/i0.wp.com\/cebem.org\/wp-content\/uploads\/2022\/02\/nota-prensa1-ruta_censo2022.jpg?resize=232%2C300&amp;ssl=1 232w\" sizes=\"(max-width: 519px) 100vw, 519px\" \/><\/figure><div class=\"wp-block-media-text__content\">\n<p><strong>Nota de Prensa N\u00b01<\/strong><br>Censo de Poblaci\u00f3n y Vivienda 2022, contar\u00e1 con el acompa\u00f1amiento de la Sociedad Civil<\/p>\n\n\n\n<div class=\"wp-block-file\"><a id=\"wp-block-file--media-d2a9ab84-3afb-45a3-9d9d-4fffb62d2462\" href=\"https:\/\/cebem.org\/wp-content\/uploads\/2022\/02\/NOTA-DE-PRENSA-1-LA-RUTA-DEL-CENSO-2022.pdf\" target=\"_blank\" rel=\"noreferrer noopener\">Descargar en PDF<\/a><a href=\"https:\/\/cebem.org\/wp-content\/uploads\/2022\/02\/NOTA-DE-PRENSA-1-LA-RUTA-DEL-CENSO-2022.pdf\" class=\"wp-block-file__button\" download aria-describedby=\"wp-block-file--media-d2a9ab84-3afb-45a3-9d9d-4fffb62d2462\">Descarga<\/a><\/div>\n<\/div><\/div>\n\n\n\n<div class=\"wp-block-media-text is-stacked-on-mobile\" style=\"grid-template-columns:20% auto\"><figure class=\"wp-block-media-text__media\"><img data-recalc-dims=\"1\" loading=\"lazy\" decoding=\"async\" width=\"750\" height=\"937\" src=\"https:\/\/i0.wp.com\/cebem.org\/wp-content\/uploads\/2022\/02\/pronunciamiento-h1-censo2022.png?resize=750%2C937&#038;ssl=1\" alt=\"\" class=\"wp-image-9571 size-full\" srcset=\"https:\/\/i0.wp.com\/cebem.org\/wp-content\/uploads\/2022\/02\/pronunciamiento-h1-censo2022.png?resize=820%2C1024&amp;ssl=1 820w, https:\/\/i0.wp.com\/cebem.org\/wp-content\/uploads\/2022\/02\/pronunciamiento-h1-censo2022.png?resize=240%2C300&amp;ssl=1 240w, https:\/\/i0.wp.com\/cebem.org\/wp-content\/uploads\/2022\/02\/pronunciamiento-h1-censo2022.png?resize=768%2C960&amp;ssl=1 768w, https:\/\/i0.wp.com\/cebem.org\/wp-content\/uploads\/2022\/02\/pronunciamiento-h1-censo2022.png?resize=600%2C750&amp;ssl=1 600w, https:\/\/i0.wp.com\/cebem.org\/wp-content\/uploads\/2022\/02\/pronunciamiento-h1-censo2022.png?resize=1229%2C1536&amp;ssl=1 1229w, https:\/\/i0.wp.com\/cebem.org\/wp-content\/uploads\/2022\/02\/pronunciamiento-h1-censo2022.png?resize=750%2C937&amp;ssl=1 750w, https:\/\/i0.wp.com\/cebem.org\/wp-content\/uploads\/2022\/02\/pronunciamiento-h1-censo2022.png?w=1339&amp;ssl=1 1339w\" sizes=\"(max-width: 750px) 100vw, 750px\" \/><\/figure><div class=\"wp-block-media-text__content\">\n<p class=\"has-regular-font-size\"><strong>Pronunciamiento La Ruta del Censo 2022 &#8211; Bolivia<\/strong><\/p>\n\n\n\n<div class=\"wp-block-file\"><a id=\"wp-block-file--media-4cc208ec-9f47-4585-a41c-d363394832fe\" href=\"https:\/\/cebem.org\/wp-content\/uploads\/2022\/01\/PRONUNCIAMIENTO_FINAL-ruta_censo_2022.pdf\" target=\"_blank\" rel=\"noreferrer noopener\">Descargar en PDF<\/a><a href=\"https:\/\/cebem.org\/wp-content\/uploads\/2022\/01\/PRONUNCIAMIENTO_FINAL-ruta_censo_2022.pdf\" class=\"wp-block-file__button\" download aria-describedby=\"wp-block-file--media-4cc208ec-9f47-4585-a41c-d363394832fe\">Descarga<\/a><\/div>\n<\/div><\/div>\n\n\n\n<h4 class=\"has-text-align-center has-vivid-purple-color has-text-color wp-block-heading\" id=\"quieres-enterarte-mas-siguenos-en-nuestras-redes-sociales\">\u00bfQuieres enterarte m\u00e1s? S\u00edguenos en nuestras redes sociales:<\/h4>\n\n\n\n<p>En INSTAGRAM <a rel=\"noreferrer noopener\" href=\"\/\/instagram.com\/larutadelcenso2022\" target=\"_blank\">https:\/\/instagram.com\/larutadelcenso2022<\/a><\/p>\n\n\n\n<p>En FACEBOOK <a href=\"https:\/\/www.facebook.com\/LaRutadelCenso2022\" target=\"_blank\" rel=\"noreferrer noopener\">https:\/\/www.facebook.com\/LaRutadelCenso2022<\/a><\/p>\n\n\n\n<p>En TWITTER <a href=\"https:\/\/twitter.com\/la_censo\" target=\"_blank\" rel=\"noreferrer noopener\">https:\/\/twitter.com\/la_censo<\/a><\/p>\n","protected":false},"excerpt":{"rendered":"<p>La Ruta del Censo 2022 es una iniciativa la cual brindar\u00e1 un acompa\u00f1amiento desde la sociedad civil al censo que se realizar\u00e1 en Bolivia, impulsada por diferentes redes, organizaciones e instituciones aliadas, para garantizar un proceso transparente. Le invitamos a leer las publicaciones que se emitieron hasta el momento: \u00bfQuieres enterarte m\u00e1s? S\u00edguenos en nuestras &hellip; <\/p>\n<p><a class=\"more-link btn\" href=\"https:\/\/cebem.org\/?page_id=9540\">Seguir leyendo<\/a><\/p>\n","protected":false},"author":2,"featured_media":9541,"parent":865,"menu_order":0,"comment_status":"closed","ping_status":"closed","template":"template-onecolumn.php","meta":{"footnotes":""},"class_list":["post-9540","page","type-page","status-publish","has-post-thumbnail","hentry","nodate","item-wrap"],"jetpack_sharing_enabled":true,"_links":{"self":[{"href":"https:\/\/cebem.org\/index.php?rest_route=\/wp\/v2\/pages\/9540","targetHints":{"allow":["GET"]}}],"collection":[{"href":"https:\/\/cebem.org\/index.php?rest_route=\/wp\/v2\/pages"}],"about":[{"href":"https:\/\/cebem.org\/index.php?rest_route=\/wp\/v2\/types\/page"}],"author":[{"embeddable":true,"href":"https:\/\/cebem.org\/index.php?rest_route=\/wp\/v2\/users\/2"}],"replies":[{"embeddable":true,"href":"https:\/\/cebem.org\/index.php?rest_route=%2Fwp%2Fv2%2Fcomments&post=9540"}],"version-history":[{"count":9,"href":"https:\/\/cebem.org\/index.php?rest_route=\/wp\/v2\/pages\/9540\/revisions"}],"predecessor-version":[{"id":14289,"href":"https:\/\/cebem.org\/index.php?rest_route=\/wp\/v2\/pages\/9540\/revisions\/14289"}],"up":[{"embeddable":true,"href":"https:\/\/cebem.org\/index.php?rest_route=\/wp\/v2\/pages\/865"}],"wp:featuredmedia":[{"embeddable":true,"href":"https:\/\/cebem.org\/index.php?rest_route=\/wp\/v2\/media\/9541"}],"wp:attachment":[{"href":"https:\/\/cebem.org\/index.php?rest_route=%2Fwp%2Fv2%2Fmedia&parent=9540"}],"curies":[{"name":"wp","href":"https:\/\/api.w.org\/{rel}","templated":true}]}}

<div class="wp-block-image"><figure class="aligncenter size-large is-resized"><img data-recalc-dims="1" fetchpriority="high" decoding="async" src="https://i0.wp.com/cebem.org/wp-content/uploads/2022/01/banner_ruta_censo_2022.jpg?resize=512%2C297&#038;ssl=1" alt="" class="wp-image-9541" width="512" height="297" srcset="https://i0.wp.com/cebem.org/wp-content/uploads/2022/01/banner_ruta_censo_2022.jpg?resize=1024%2C593&amp;ssl=1 1024w, https://i0.wp.com/cebem.org/wp-content/uploads/2022/01/banner_ruta_censo_2022.jpg?resize=300%2C174&amp;ssl=1 300w, https://i0.wp.com/cebem.org/wp-content/uploads/2022/01/banner_ruta_censo_2022.jpg?resize=768%2C445&amp;ssl=1 768w, https://i0.wp.com/cebem.org/wp-content/uploads/2022/01/banner_ruta_censo_2022.jpg?resize=600%2C347&amp;ssl=1 600w, https://i0.wp.com/cebem.org/wp-content/uploads/2022/01/banner_ruta_censo_2022.jpg?resize=750%2C434&amp;ssl=1 750w, https://i0.wp.com/cebem.org/wp-content/uploads/2022/01/banner_ruta_censo_2022.jpg?w=1280&amp;ssl=1 1280w" sizes="(max-width: 512px) 100vw, 512px" /></figure></div>



<p>La Ruta del Censo 2022 es una iniciativa la cual brindará un acompañamiento desde la sociedad civil al censo que se realizará en Bolivia, impulsada por diferentes redes, organizaciones e instituciones aliadas, para garantizar un proceso transparente.</p>



<p>Le invitamos a leer las publicaciones que se emitieron hasta el momento:</p>



<div class="wp-block-media-text is-stacked-on-mobile" style="grid-template-columns:20% auto"><figure class="wp-block-media-text__media"><img data-recalc-dims="1" decoding="async" width="750" height="629" src="https://i0.wp.com/cebem.org/wp-content/uploads/2022/02/WhatsApp-Image-2022-02-16-at-11.23.20-5.jpeg?resize=750%2C629&#038;ssl=1" alt="" class="wp-image-9629 size-full" srcset="https://i0.wp.com/cebem.org/wp-content/uploads/2022/02/WhatsApp-Image-2022-02-16-at-11.23.20-5.jpeg?w=940&amp;ssl=1 940w, https://i0.wp.com/cebem.org/wp-content/uploads/2022/02/WhatsApp-Image-2022-02-16-at-11.23.20-5.jpeg?resize=300%2C251&amp;ssl=1 300w, https://i0.wp.com/cebem.org/wp-content/uploads/2022/02/WhatsApp-Image-2022-02-16-at-11.23.20-5.jpeg?resize=768%2C644&amp;ssl=1 768w, https://i0.wp.com/cebem.org/wp-content/uploads/2022/02/WhatsApp-Image-2022-02-16-at-11.23.20-5.jpeg?resize=600%2C503&amp;ssl=1 600w, https://i0.wp.com/cebem.org/wp-content/uploads/2022/02/WhatsApp-Image-2022-02-16-at-11.23.20-5.jpeg?resize=750%2C629&amp;ssl=1 750w" sizes="(max-width: 750px) 100vw, 750px" /></figure><div class="wp-block-media-text__content">
<p><strong>Preguntas sobre el Censo</strong><br>Algunas preguntas básicas qué hay sobre el censo para que pueda conocer más sobre este tema.</p>



<div class="wp-block-file"><a id="wp-block-file--media-16e0a324-7d99-4735-a4e1-c6a61600aafe" href="https://cebem.org/wp-content/uploads/2022/02/Preguntas_sobre_el_Censo2022.pdf" target="_blank" rel="noreferrer noopener">Descargar en PDF</a><a href="https://cebem.org/wp-content/uploads/2022/02/Preguntas_sobre_el_Censo2022.pdf" class="wp-block-file__button" download aria-describedby="wp-block-file--media-16e0a324-7d99-4735-a4e1-c6a61600aafe">Descarga</a></div>
</div></div>



<div class="wp-block-media-text is-stacked-on-mobile" style="grid-template-columns:20% auto"><figure class="wp-block-media-text__media"><img data-recalc-dims="1" decoding="async" width="519" height="671" src="https://i0.wp.com/cebem.org/wp-content/uploads/2022/02/nota-prensa1-ruta_censo2022.jpg?resize=519%2C671&#038;ssl=1" alt="" class="wp-image-9572 size-full" srcset="https://i0.wp.com/cebem.org/wp-content/uploads/2022/02/nota-prensa1-ruta_censo2022.jpg?w=519&amp;ssl=1 519w, https://i0.wp.com/cebem.org/wp-content/uploads/2022/02/nota-prensa1-ruta_censo2022.jpg?resize=232%2C300&amp;ssl=1 232w" sizes="(max-width: 519px) 100vw, 519px" /></figure><div class="wp-block-media-text__content">
<p><strong>Nota de Prensa N°1</strong><br>Censo de Población y Vivienda 2022, contará con el acompañamiento de la Sociedad Civil</p>



<div class="wp-block-file"><a id="wp-block-file--media-d2a9ab84-3afb-45a3-9d9d-4fffb62d2462" href="https://cebem.org/wp-content/uploads/2022/02/NOTA-DE-PRENSA-1-LA-RUTA-DEL-CENSO-2022.pdf" target="_blank" rel="noreferrer noopener">Descargar en PDF</a><a href="https://cebem.org/wp-content/uploads/2022/02/NOTA-DE-PRENSA-1-LA-RUTA-DEL-CENSO-2022.pdf" class="wp-block-file__button" download aria-describedby="wp-block-file--media-d2a9ab84-3afb-45a3-9d9d-4fffb62d2462">Descarga</a></div>
</div></div>



<div class="wp-block-media-text is-stacked-on-mobile" style="grid-template-columns:20% auto"><figure class="wp-block-media-text__media"><img data-recalc-dims="1" loading="lazy" decoding="async" width="750" height="937" src="https://i0.wp.com/cebem.org/wp-content/uploads/2022/02/pronunciamiento-h1-censo2022.png?resize=750%2C937&#038;ssl=1" alt="" class="wp-image-9571 size-full" srcset="https://i0.wp.com/cebem.org/wp-content/uploads/2022/02/pronunciamiento-h1-censo2022.png?resize=820%2C1024&amp;ssl=1 820w, https://i0.wp.com/cebem.org/wp-content/uploads/2022/02/pronunciamiento-h1-censo2022.png?resize=240%2C300&amp;ssl=1 240w, https://i0.wp.com/cebem.org/wp-content/uploads/2022/02/pronunciamiento-h1-censo2022.png?resize=768%2C960&amp;ssl=1 768w, https://i0.wp.com/cebem.org/wp-content/uploads/2022/02/pronunciamiento-h1-censo2022.png?resize=600%2C750&amp;ssl=1 600w, https://i0.wp.com/cebem.org/wp-content/uploads/2022/02/pronunciamiento-h1-censo2022.png?resize=1229%2C1536&amp;ssl=1 1229w, https://i0.wp.com/cebem.org/wp-content/uploads/2022/02/pronunciamiento-h1-censo2022.png?resize=750%2C937&amp;ssl=1 750w, https://i0.wp.com/cebem.org/wp-content/uploads/2022/02/pronunciamiento-h1-censo2022.png?w=1339&amp;ssl=1 1339w" sizes="(max-width: 750px) 100vw, 750px" /></figure><div class="wp-block-media-text__content">
<p class="has-regular-font-size"><strong>Pronunciamiento La Ruta del Censo 2022 &#8211; Bolivia</strong></p>



<div class="wp-block-file"><a id="wp-block-file--media-4cc208ec-9f47-4585-a41c-d363394832fe" href="https://cebem.org/wp-content/uploads/2022/01/PRONUNCIAMIENTO_FINAL-ruta_censo_2022.pdf" target="_blank" rel="noreferrer noopener">Descargar en PDF</a><a href="https://cebem.org/wp-content/uploads/2022/01/PRONUNCIAMIENTO_FINAL-ruta_censo_2022.pdf" class="wp-block-file__button" download aria-describedby="wp-block-file--media-4cc208ec-9f47-4585-a41c-d363394832fe">Descarga</a></div>
</div></div>



<h4 class="has-text-align-center has-vivid-purple-color has-text-color wp-block-heading" id="quieres-enterarte-mas-siguenos-en-nuestras-redes-sociales">¿Quieres enterarte más? Síguenos en nuestras redes sociales:</h4>



<p>En INSTAGRAM <a rel="noreferrer noopener" href="//instagram.com/larutadelcenso2022" target="_blank">https://instagram.com/larutadelcenso2022</a></p>



<p>En FACEBOOK <a href="https://www.facebook.com/LaRutadelCenso2022" target="_blank" rel="noreferrer noopener">https://www.facebook.com/LaRutadelCenso2022</a></p>



<p>En TWITTER <a href="https://twitter.com/la_censo" target="_blank" rel="noreferrer noopener">https://twitter.com/la_censo</a></p>

<p>La Ruta del Censo 2022 es una iniciativa la cual brindará un acompañamiento desde la sociedad civil al censo que se realizará en Bolivia, impulsada por diferentes redes, organizaciones e instituciones aliadas, para garantizar un proceso transparente. Le invitamos a leer las publicaciones que se emitieron hasta el momento: ¿Quieres enterarte más? Síguenos en nuestras &hellip; </p>
<p><a class="more-link btn" href="https://cebem.org/?page_id=9540">Seguir leyendo</a></p>
