
{"id":674,"date":"2016-04-20T07:38:30","date_gmt":"2016-04-20T11:38:30","guid":{"rendered":"http:\/\/cebem.org\/?page_id=674"},"modified":"2016-05-05T13:36:53","modified_gmt":"2016-05-05T17:36:53","slug":"miembros","status":"publish","type":"page","link":"https:\/\/cebem.org\/?page_id=674","title":{"rendered":"Miembros"},"content":{"rendered":"<p class=\"body\">Son MIEMBROS de la RIPPET los programas de postgrado sobre la tem\u00e1tica del Desarrollo Territorial. Los participantes de los dos \u00faltimos encuentros conforman el Comit\u00e9 Cient\u00edfico.<\/p>\n<hr \/>\n<div class=\"body_title\" align=\"center\"><strong>RIPPET: Ficha Institucional como Miembro<\/strong><\/div>\n<p class=\"body\">Si desea ser parte de la Red, por favor llene la ficha debajo y env\u00edela al correo de contacto. Usted pasar\u00e1 a ser miembro y su programa de postgrado ser\u00e1 difundido a trav\u00e9s de la p\u00e1gina y de nuestros boletines.<\/p>\n<p><a href=\"http:\/\/cebem.org\/wp-content\/uploads\/2016\/04\/miembro_rippet.doc\" target=\"_blank\" rel=\"\">DESCARGAR Ficha<\/a><\/p>\n<hr \/>\n<p class=\"body\"><strong>VII Encuentro R\u00edo Cuarto, Argentina<\/strong><\/p>\n<ul>\n<li class=\"body\">Alicia Castagna<br \/>\nUniversidad Nacional de Rosario, Argentina<\/li>\n<li class=\"body\">Gustavo Busso<br \/>\nUniversidad Nacional de R\u00edo Cuarto, Argentina<\/li>\n<li class=\"body\">Mar\u00eda Elina Gudi\u00f1o<br \/>\nUniversidad Nacional de Cuyo, Argentina<\/li>\n<li class=\"body\">Maria Lidia Woelflin<br \/>\nUniversidad Nacional de Rosario, Argentina<\/li>\n<li class=\"body\">Marta Cabeza<br \/>\nUniversidad Nacional de Rosario, Argentina<\/li>\n<li class=\"body\">Mart\u00edn Civitaresi<br \/>\nUniversidad Nacional de R\u00edo Cuarto, Argentina<\/li>\n<li class=\"body\">Miriam Davel<br \/>\nComisi\u00f3n Nacional de Evaluaci\u00f3n y Acreditaci\u00f3n Universitaria, Argentina<\/li>\n<li class=\"body\">M\u00f3nica Priotti<br \/>\nUniversidad Nacional de Rosario, Argentina<\/li>\n<li class=\"body\">Silvia Gorenstein<br \/>\nUniversidad Nacional del Sur, Argentina<\/li>\n<li class=\"body\">Clelio Campolina<br \/>\nUniversidade Federal de Minas Gerais, Brasil<\/li>\n<li class=\"body\">F\u00e1bio Duarte<br \/>\nPontificia Universidade Cat\u00f3lica do Paran\u00e1, Brasil<\/li>\n<li class=\"body\">Rainer Randolph<br \/>\nInstitudo de Pesquisa e Planejamento Urbano e Regional, Brasil<\/li>\n<li class=\"body\">Arturo Orellana<br \/>\nUniversidad de Chile, Chile<\/li>\n<li class=\"body\">Francisco Ther R\u00edos<br \/>\nUniversidad de Los Lagos, Chile<\/li>\n<li class=\"body\">Susana Coper<br \/>\nUniversidad Austral de Chile<\/li>\n<li class=\"body\">Tatiana Andia<br \/>\nCentro Interdisciplinario de Estudios sobre Desarrollo Regional de la Universidad de los Andes, Colombia<\/li>\n<li class=\"body\">Claudia Carre\u00f1o, Colombia<\/li>\n<li class=\"body\">El\u00edas Antonio Huam\u00e1n<br \/>\nUniversidad Aut\u00f3noma Metropolitana, M\u00e9xico<\/li>\n<li class=\"body\">Juan Jos\u00e9 Guti\u00e9rrez<br \/>\nUniversidad Aut\u00f3noma del Estado de M\u00e9xico, M\u00e9xico<\/li>\n<\/ul>\n<p class=\"body\"><strong>VIII Encuentro Manizales, Colombia<\/strong><\/p>\n<ul>\n<li>Lidia Virginia Gatti<br \/>\nUniversidad Nacional de Rosario, Argentina<\/li>\n<li>Marta Graciela Cabeza<br \/>\nUniversidad Nacional de Rosario, Argentina<\/li>\n<li>Gustavo Busso<br \/>\nUniversidad Nacional de R\u00edo Cuarto, Argentina<\/li>\n<li>Pablo Ciccolella<br \/>\nUniversidad de Buenos Aires, Argentina<\/li>\n<li>Edgar Pab\u00f3n Balderas<br \/>\nCentro Boliviano de Estudios Multidisciplinarios, CEBEM, Bolivia<\/li>\n<li>Amelia Garrett S\u00e1nchez de Lozada<br \/>\nCentro Boliviano de Estudios Multidisciplinarios, CEBEM, Bolivia<\/li>\n<li>Silvana Paz Ram\u00edrez<br \/>\nUniversidad Aut\u00f3noma Juan Misael Saracho, Bolivia<\/li>\n<li>Leandro Pereira Morais<br \/>\nInstituto Universitario de Econom\u00eda Social y Cooperativa OBEISCOOP, Brasil<\/li>\n<li>Gretchen Hern\u00e1ndez<br \/>\nCentre for Sustainable Community Development , Simon Fraser University, Canad\u00e1<\/li>\n<li>Adriana Paz Ram\u00edrez<br \/>\nCentre for Intercultural Communication, University of British Columbia, Canad\u00e1<\/li>\n<li>Alan Simmons<br \/>\nCentre for Research on Latin American and the Caribbean, York University, Canad\u00e1<\/li>\n<li>Alexandre Charron<br \/>\nCanadian Community Economic Development Network (CCEDNEt), Canad\u00e1<\/li>\n<li>Rupert Downing<br \/>\nCommunity Based Research (CBRC), University of Victoria, Canad\u00e1<\/li>\n<li>Philip Oxhorn<br \/>\nCentre for Developing Area Studies (CDAS), McGill University, Canad\u00e1<\/li>\n<li>Mario Torres CEBEM International, Canad\u00e1<\/li>\n<li>Giselle Morin-Labatut Consultora Internacional, Canad\u00e1<\/li>\n<li>Oscar Arango Gaviria<br \/>\nUniversidad Tecnol\u00f3gica de Pereira, Colombia<\/li>\n<li>Francisco Eduardo Mej\u00eda Lema<br \/>\nESAP, Risaralda &#8211; Quind\u00edo Observatorio de Pol\u00edticas Territoriales, Colombia<\/li>\n<li>Claudia Patricia Benavides Salazar<br \/>\nRed de Universidades, Eje Cafetero. Universidad \u2013 Empresa \u2013Estado, Colombia<\/li>\n<li>Luis Fernando Acebedo<br \/>\nUniversidad Nacional Escuela de Arquitectura y Urbanismo, Colombia<\/li>\n<li>Miguel Antonio Espinoza, Colombia<br \/>\nUniversidad del Tolima<\/li>\n<li>Fabio Alfonso Sandoval<br \/>\nUniversidad del Tolima, Colombia<\/li>\n<li>Dar\u00edo \u00c1ngel<br \/>\nUniversidad Aut\u00f3noma de Manizales, Colombia<\/li>\n<li>Jos\u00e9 Jes\u00fas Naranjo Giraldo<br \/>\nUniversidad Aut\u00f3noma de Manizales, Colombia<\/li>\n<li>Rogelio Pineda Murillo<br \/>\nUniversidad Aut\u00f3noma de Manizales, Colombia<\/li>\n<li>Claudia In\u00e9s Carre\u00f1o<br \/>\nUniversidad de los Andes, Colombia<\/li>\n<li>Gustavo Pinz\u00f3n S\u00e1nchez<br \/>\nUniversidad del Quind\u00edo, Colombia<\/li>\n<li>Pierre Hupet<br \/>\nRed de Universidades Publicas del Eje Cafetero, Colombia<\/li>\n<li>Gabriel Cadena G\u00f3mez<br \/>\nUniversidad Aut\u00f3noma de Manizales, Colombia<\/li>\n<li>Jos\u00e9 Fernando Olarte Osorio<br \/>\nUniversidad Aut\u00f3noma de Manizales, Colombia<\/li>\n<li>Juan Jairo Aristizabal<br \/>\nUniversidad Aut\u00f3noma de Manizales, Colombia<\/li>\n<li>Irma Soto Vallejo<br \/>\nUniversidad Manizales, Colombia<\/li>\n<li>Juan Carlos G\u00f3mez Montoya<br \/>\nUniversidad Aut\u00f3noma de Manizales, Colombia<\/li>\n<li>Luis Guillermo Pineda Mu\u00f1oz<br \/>\nUniversidad Aut\u00f3noma de Manizales, Colombia<\/li>\n<li>Tatiana Villalba<br \/>\nOrganizaci\u00f3n Latinoamericana de Gobiernos Intermedios, Ecuador<\/li>\n<li>Fernando Cervantes Escoto<br \/>\nUniversidad Aut\u00f3noma Chapingo, M\u00e9xico<\/li>\n<li>Dan\u00fa Fabre Platas<br \/>\nUniversidad Veracruzana, M\u00e9xico<\/li>\n<li>Francisco R\u00edos Ahuanari<br \/>\nGobierno Regional de Lambayeque, Per\u00fa<\/li>\n<li>L\u00e1zaro Villegas Agramonte<br \/>\nUniversidad Nacional de Sip\u00e1n, Per\u00fa<\/li>\n<li>Pedro Zamora Romero<br \/>\nUniversidad Se\u00f1or de Sip\u00e1n, Per\u00fa<\/li>\n<li>Nancy J. Acosta P.<br \/>\nRed de Educaci\u00f3n Superior CVG, Venezuela<\/li>\n<\/ul>\n","protected":false},"excerpt":{"rendered":"<p>Son MIEMBROS de la RIPPET los programas de postgrado sobre la tem\u00e1tica del Desarrollo Territorial. Los participantes de los dos \u00faltimos encuentros conforman el Comit\u00e9 Cient\u00edfico. RIPPET: Ficha Institucional como Miembro Si desea ser parte de la Red, por favor llene la ficha debajo y env\u00edela al correo de contacto. Usted pasar\u00e1 a ser miembro &hellip; <\/p>\n<p><a class=\"more-link btn\" href=\"https:\/\/cebem.org\/?page_id=674\">Seguir leyendo<\/a><\/p>\n","protected":false},"author":2,"featured_media":0,"parent":670,"menu_order":0,"comment_status":"closed","ping_status":"closed","template":"","meta":{"footnotes":""},"class_list":["post-674","page","type-page","status-publish","hentry","nodate","item-wrap"],"jetpack_sharing_enabled":true,"_links":{"self":[{"href":"https:\/\/cebem.org\/index.php?rest_route=\/wp\/v2\/pages\/674","targetHints":{"allow":["GET"]}}],"collection":[{"href":"https:\/\/cebem.org\/index.php?rest_route=\/wp\/v2\/pages"}],"about":[{"href":"https:\/\/cebem.org\/index.php?rest_route=\/wp\/v2\/types\/page"}],"author":[{"embeddable":true,"href":"https:\/\/cebem.org\/index.php?rest_route=\/wp\/v2\/users\/2"}],"replies":[{"embeddable":true,"href":"https:\/\/cebem.org\/index.php?rest_route=%2Fwp%2Fv2%2Fcomments&post=674"}],"version-history":[{"count":4,"href":"https:\/\/cebem.org\/index.php?rest_route=\/wp\/v2\/pages\/674\/revisions"}],"predecessor-version":[{"id":885,"href":"https:\/\/cebem.org\/index.php?rest_route=\/wp\/v2\/pages\/674\/revisions\/885"}],"up":[{"embeddable":true,"href":"https:\/\/cebem.org\/index.php?rest_route=\/wp\/v2\/pages\/670"}],"wp:attachment":[{"href":"https:\/\/cebem.org\/index.php?rest_route=%2Fwp%2Fv2%2Fmedia&parent=674"}],"curies":[{"name":"wp","href":"https:\/\/api.w.org\/{rel}","templated":true}]}}