
{"id":670,"date":"2016-04-20T07:26:16","date_gmt":"2016-04-20T11:26:16","guid":{"rendered":"http:\/\/cebem.org\/?page_id=670"},"modified":"2019-04-03T10:47:31","modified_gmt":"2019-04-03T14:47:31","slug":"rippet","status":"publish","type":"page","link":"https:\/\/cebem.org\/?page_id=670","title":{"rendered":"RIPPET"},"content":{"rendered":"\n<div class=\"wp-block-image\"><figure class=\"aligncenter is-resized\"><img data-recalc-dims=\"1\" decoding=\"async\" src=\"https:\/\/i0.wp.com\/cebem.org\/wp-content\/uploads\/2019\/04\/logo_RIPPET.png?resize=306%2C107\" alt=\"\" class=\"wp-image-5041\" width=\"306\" height=\"107\" srcset=\"https:\/\/i0.wp.com\/cebem.org\/wp-content\/uploads\/2019\/04\/logo_RIPPET.png?w=612&amp;ssl=1 612w, https:\/\/i0.wp.com\/cebem.org\/wp-content\/uploads\/2019\/04\/logo_RIPPET.png?resize=300%2C104&amp;ssl=1 300w, https:\/\/i0.wp.com\/cebem.org\/wp-content\/uploads\/2019\/04\/logo_RIPPET.png?resize=600%2C209&amp;ssl=1 600w\" sizes=\"(max-width: 306px) 100vw, 306px\" \/><\/figure><\/div>\n\n\n<p><strong>QUIENES SOMOS<\/strong><\/p>\n<p>La Red Iberoamericana de Postgrados sobre Pol\u00edticas y Estudios Territoriales la componen una gran cantidad de profesores e investigadores organizados, desde el a\u00f1o 1996, en el marco del programa de actividades de la Red Iberoamericana de Investigadores sobre Globalizaci\u00f3n y Territorio (RII), con el objetivo de promover un mayor intercambio, coordinaci\u00f3n y cooperaci\u00f3n entre los distintos Postgrados en esta materia que se realizan en los pa\u00edses del Cono Sur y M\u00e9xico.<\/p>\n<p>Cuenta con una estructura flexible y se benefician de ella todos aquellos interesados en colaborar en el mejoramiento de los programas de postgrado y as\u00ed contribuir a las actividades que se desarrollan en la regi\u00f3n y fuera de ella.<\/p>\n<p>La informaci\u00f3n sobre actividades de la RIPPET se distribuye a profesionales en pa\u00edses como Argentina, Bolivia, Brasil, Chile, Colombia, Ecuador, M\u00e9xico, Per\u00fa, Uruguay y Venezuela, adem\u00e1s de los pa\u00edses de Centroam\u00e9rica, Espa\u00f1a, Francia, Portugal, EE.UU. y Canad\u00e1.<\/p>\n<p>La pertenencia a la RIPPET es libre y ello depende de la voluntad y formas de colaboraci\u00f3n de cada investigador. Los miembros son profesores e investigadores de instituciones acad\u00e9micas trabajando en temas sobre territorio.<\/p>\n<h4><strong>La RIPPET ha realizado ya once encuentros internacionales.<\/strong><\/h4>\n<p class=\"body\"><strong>COMIT\u00c9 EJECUTIVO 2009 \u2013 2011<\/strong><\/p>\n<p class=\"body\"><strong>JOS\u00c9 BLANES JIM\u00c9NEZ<\/strong><br \/>Secretario General<br \/>Red Iberoamericana de Postgrados y Pol\u00edticas Territoriales, RIPPET<br \/>Director<br \/>Centro Boliviano de Estudios Multidisciplinarios, CEBEM<br \/>Bolivia<\/p>\n<p class=\"body\"><strong>MAR\u00cdA ELINA GUDI\u00d1O<\/strong><br \/>CONICET<br \/>Instituto CIFOT, UNCuyo<br \/>Argentina<\/p>\n<p class=\"body\"><strong>JAHIR RODR\u00cdGUEZ RODR\u00cdGUEZ<\/strong><br \/>Coordinador<br \/>Maestr\u00eda en Desarrollo Regional y Planificaci\u00f3n del Territorio<br \/>Universidad Aut\u00f3noma de Manizales<br \/>Colombia<\/p>\n<p class=\"body\"><strong>SERGIO GONZ\u00c1LES L\u00d3PEZ<\/strong><br \/>Secretario General<br \/>Red Iberoamericana de Investigadores sobre Globalizaci\u00f3n y Territorio, RII<br \/>M\u00e9xico<\/p>\n<p class=\"body\"><strong>ROSARIO ROGEL &#8211; SALAZAR<\/strong><br \/>Directora Editorial.<br \/>Sistema de Informaci\u00f3n Cient\u00edfica Redalyc (Red de Revistas Cient\u00edficas de Am\u00e9rica Latina, el Caribe, Espa\u00f1a y Portugal).<br \/>Universidad Aut\u00f3noma del Estado de M\u00e9xico.<br \/>M\u00e9xico<\/p>\n<hr \/>\n<div class=\"body_title\" align=\"center\"><strong>RIPPET: Servicio de difusi\u00f3n de informaci\u00f3n sobre Postgrados<\/strong><\/div>\n<p class=\"body\">Con el prop\u00f3sito de apoyar la difusi\u00f3n de los mejores programas de postgrado de la regi\u00f3n, lo invitamos a enviar informaci\u00f3n sobre los mismos al correo de contacto que se encuentra a continuaci\u00f3n. Dicha informaci\u00f3n ser\u00e1 difundida en esta p\u00e1gina y en los boletines mensuales del CEBEM.<\/p>\n<p><strong><a href=\"mailto:jose.blanes@cebem.org\" target=\"_blank\" rel=\"noopener noreferrer\">Contacto<\/a><\/strong><\/p>\n<div class=\"body_title\" align=\"center\"><strong>RIPPET: Servicio de difusi\u00f3n de Documentos<\/strong><\/div>\n<p class=\"body\">A trav\u00e9s de nuestra secci\u00f3n de DOCUMENTOS, lo invitamos a compartir y difundir art\u00edculos, libros, separatas y publicaciones relacionadas con el tema de la Red.<\/p>\n<p><strong><a href=\"mailto:jose.blanes@cebem.org\" target=\"_blank\" rel=\"noopener noreferrer\">Contacto<\/a><\/strong><\/p>","protected":false},"excerpt":{"rendered":"<p>QUIENES SOMOS La Red Iberoamericana de Postgrados sobre Pol\u00edticas y Estudios Territoriales la componen una gran cantidad de profesores e investigadores organizados, desde el a\u00f1o 1996, en el marco del programa de actividades de la Red Iberoamericana de Investigadores sobre Globalizaci\u00f3n y Territorio (RII), con el objetivo de promover un mayor intercambio, coordinaci\u00f3n y cooperaci\u00f3n &hellip; <\/p>\n<p><a class=\"more-link btn\" href=\"https:\/\/cebem.org\/?page_id=670\">Seguir leyendo<\/a><\/p>\n","protected":false},"author":2,"featured_media":0,"parent":97,"menu_order":0,"comment_status":"closed","ping_status":"closed","template":"","meta":{"footnotes":""},"class_list":["post-670","page","type-page","status-publish","hentry","nodate","item-wrap"],"jetpack_sharing_enabled":true,"_links":{"self":[{"href":"https:\/\/cebem.org\/index.php?rest_route=\/wp\/v2\/pages\/670","targetHints":{"allow":["GET"]}}],"collection":[{"href":"https:\/\/cebem.org\/index.php?rest_route=\/wp\/v2\/pages"}],"about":[{"href":"https:\/\/cebem.org\/index.php?rest_route=\/wp\/v2\/types\/page"}],"author":[{"embeddable":true,"href":"https:\/\/cebem.org\/index.php?rest_route=\/wp\/v2\/users\/2"}],"replies":[{"embeddable":true,"href":"https:\/\/cebem.org\/index.php?rest_route=%2Fwp%2Fv2%2Fcomments&post=670"}],"version-history":[{"count":10,"href":"https:\/\/cebem.org\/index.php?rest_route=\/wp\/v2\/pages\/670\/revisions"}],"predecessor-version":[{"id":11299,"href":"https:\/\/cebem.org\/index.php?rest_route=\/wp\/v2\/pages\/670\/revisions\/11299"}],"up":[{"embeddable":true,"href":"https:\/\/cebem.org\/index.php?rest_route=\/wp\/v2\/pages\/97"}],"wp:attachment":[{"href":"https:\/\/cebem.org\/index.php?rest_route=%2Fwp%2Fv2%2Fmedia&parent=670"}],"curies":[{"name":"wp","href":"https:\/\/api.w.org\/{rel}","templated":true}]}}