
{"id":650,"date":"2016-04-18T11:32:17","date_gmt":"2016-04-18T15:32:17","guid":{"rendered":"http:\/\/cebem.org\/?page_id=650"},"modified":"2022-08-15T10:31:41","modified_gmt":"2022-08-15T14:31:41","slug":"explorando-la-economia-politica-de-la-violencia-en-los-sistemas-fronterizos-de-america-latina","status":"publish","type":"page","link":"https:\/\/cebem.org\/?page_id=650","title":{"rendered":"Explorando la econom\u00eda pol\u00edtica de la violencia en los sistemas fronterizos de Am\u00e9rica Latina"},"content":{"rendered":"<p class=\"titulo_03\" align=\"center\"><strong>PROYECTO:<\/strong><br \/>\n<strong>Explorando la econom\u00eda pol\u00edtica de la violencia en los sistemas fronterizos de Am\u00e9rica Latina: Hac\u00eda una comprensi\u00f3n integral.<\/strong><\/p>\n<p><b>1. INTRODUCCI\u00d3N: la importancia de la tem\u00e1tica<\/b><br \/>\nEn Am\u00e9rica Latina se han realizado m\u00faltiples estudios sobre fronteras y sobre varios tipos de violencias , pero muy pocos desde la perspectiva integrada de la violencia fronteriza y de la concepci\u00f3n de un sistema fronterizo global.<\/p>\n<p>Las fronteras est\u00e1n permanentemente cambiando, cosa que ha ocurrido \u2013en este \u00faltimo tiempo- con el tr\u00e1nsito de la l\u00f3gica binacional constituida a partir de las asimetr\u00edas complementarias, hacia un sistema fronterizo global inscrito en el marco de las econom\u00edas ilegales. Si bien cada frontera tiene una realidad particular, no se puede negar que ellas est\u00e1n fuertemente vinculadas entre s\u00ed y que tienen un marco explicativo com\u00fan. Sin embargo, no existen investigaciones de las fronteras dirigidas a identificar las conexiones existentes entre ellas, y mucho menos a los circuitos econ\u00f3micos ilegales. Por esta raz\u00f3n no se entienden las nuevas funciones que tienen las fronteras en el concierto internacional, como tampoco se justifican que las pol\u00edticas en estas regiones sean las mismas (r\u00edgidas); por eso no se tiene en cuenta que el crimen es flexible mientras las instituciones y las pol\u00edticas para contrarrestarlo sean r\u00edgidas.<\/p>\n<p>La l\u00f3gica de sistema fronterizo global permite no solo captar la realidad actual, sino tambi\u00e9n aportar al dise\u00f1o de pol\u00edticas y estrategias enmarcadas en las l\u00f3gica de integraci\u00f3n, prevenci\u00f3n, del desarrollo y contenci\u00f3n de los efectos nocivos del \u201cefecto globo\u201d, propio de las pol\u00edticas focalizadas.<\/p>\n<h4 align=\"center\"><em>Para m\u00e1s informaci\u00f3n puede revisar el siguiente<\/em> <strong><a href=\"http:\/\/cebem.org\/wp-content\/uploads\/2016\/04\/Proyecto_Explorando_la_Economia_Politica_IDRC.pdf\" target=\"_blank\" rel=\"noopener\">DOCUMENTO<\/a><\/strong><\/h4>\n<hr>\n<h3><strong>Libros de la Colecci\u00f3n Fronteras<\/strong><\/h3>\n<p><a href=\"https:\/\/i0.wp.com\/cebem.org\/wp-content\/uploads\/2018\/08\/coleccion-fronteras.jpg\"><img data-recalc-dims=\"1\" fetchpriority=\"high\" decoding=\"async\" class=\"aligncenter wp-image-3777\" src=\"https:\/\/i0.wp.com\/cebem.org\/wp-content\/uploads\/2018\/08\/coleccion-fronteras.jpg?resize=600%2C338\" alt=\"\" width=\"600\" height=\"338\" srcset=\"https:\/\/i0.wp.com\/cebem.org\/wp-content\/uploads\/2018\/08\/coleccion-fronteras.jpg?w=800&amp;ssl=1 800w, https:\/\/i0.wp.com\/cebem.org\/wp-content\/uploads\/2018\/08\/coleccion-fronteras.jpg?resize=300%2C169&amp;ssl=1 300w, https:\/\/i0.wp.com\/cebem.org\/wp-content\/uploads\/2018\/08\/coleccion-fronteras.jpg?resize=768%2C432&amp;ssl=1 768w, https:\/\/i0.wp.com\/cebem.org\/wp-content\/uploads\/2018\/08\/coleccion-fronteras.jpg?resize=600%2C338&amp;ssl=1 600w\" sizes=\"(max-width: 600px) 100vw, 600px\" \/><\/a><\/p>\n<p>Esta importante informaci\u00f3n de art\u00edculos y libros se encuentra en la <a href=\"http:\/\/www.flacsoandes.edu.ec\/\" target=\"_blank\" rel=\"noopener\"><strong>Biblioteca Digital de Vanguardia para la Investigaci\u00f3n en Ciencias Sociales REGI\u00d3N ANDINA Y AM\u00c9RICA LATINA<\/strong><\/a>, y en el enlace inferior encontraran m\u00e1s informaci\u00f3n y la posibilidad de descargarse cada uno de ellos.<\/p>\n<p>Cada libro lo iremos publicando paulatinamente en la p\u00e1gina.<\/p>\n<h4><a href=\"http:\/\/www.flacsoandes.edu.ec\/libros?avanzado=1&amp;title=&amp;autor=&amp;tema=&amp;annosel=mayor&amp;anno=&amp;pais=&amp;coleccion=Fronteras\" target=\"_blank\" rel=\"noopener\">Visitar la colecci\u00f3n<\/a><\/h4>\n","protected":false},"excerpt":{"rendered":"<p>PROYECTO: Explorando la econom\u00eda pol\u00edtica de la violencia en los sistemas fronterizos de Am\u00e9rica Latina: Hac\u00eda una comprensi\u00f3n integral. 1. INTRODUCCI\u00d3N: la importancia de la tem\u00e1tica En Am\u00e9rica Latina se han realizado m\u00faltiples estudios sobre fronteras y sobre varios tipos de violencias , pero muy pocos desde la perspectiva integrada de la violencia fronteriza y &hellip; <\/p>\n<p><a class=\"more-link btn\" href=\"https:\/\/cebem.org\/?page_id=650\">Seguir leyendo<\/a><\/p>\n","protected":false},"author":2,"featured_media":0,"parent":1051,"menu_order":5,"comment_status":"closed","ping_status":"closed","template":"","meta":{"footnotes":""},"class_list":["post-650","page","type-page","status-publish","hentry","nodate","item-wrap"],"jetpack_sharing_enabled":true,"_links":{"self":[{"href":"https:\/\/cebem.org\/index.php?rest_route=\/wp\/v2\/pages\/650","targetHints":{"allow":["GET"]}}],"collection":[{"href":"https:\/\/cebem.org\/index.php?rest_route=\/wp\/v2\/pages"}],"about":[{"href":"https:\/\/cebem.org\/index.php?rest_route=\/wp\/v2\/types\/page"}],"author":[{"embeddable":true,"href":"https:\/\/cebem.org\/index.php?rest_route=\/wp\/v2\/users\/2"}],"replies":[{"embeddable":true,"href":"https:\/\/cebem.org\/index.php?rest_route=%2Fwp%2Fv2%2Fcomments&post=650"}],"version-history":[{"count":4,"href":"https:\/\/cebem.org\/index.php?rest_route=\/wp\/v2\/pages\/650\/revisions"}],"predecessor-version":[{"id":11307,"href":"https:\/\/cebem.org\/index.php?rest_route=\/wp\/v2\/pages\/650\/revisions\/11307"}],"up":[{"embeddable":true,"href":"https:\/\/cebem.org\/index.php?rest_route=\/wp\/v2\/pages\/1051"}],"wp:attachment":[{"href":"https:\/\/cebem.org\/index.php?rest_route=%2Fwp%2Fv2%2Fmedia&parent=650"}],"curies":[{"name":"wp","href":"https:\/\/api.w.org\/{rel}","templated":true}]}}