
{"id":5541,"date":"2019-07-11T10:56:13","date_gmt":"2019-07-11T14:56:13","guid":{"rendered":"http:\/\/cebem.org\/?page_id=5541"},"modified":"2019-07-19T16:17:50","modified_gmt":"2019-07-19T20:17:50","slug":"servicios-boletin-redesma","status":"publish","type":"page","link":"https:\/\/cebem.org\/?page_id=5541","title":{"rendered":"Servicios Bolet\u00edn Redesma"},"content":{"rendered":"\n<div class=\"wp-block-image\"><figure class=\"aligncenter\"><img data-recalc-dims=\"1\" fetchpriority=\"high\" decoding=\"async\" width=\"700\" height=\"98\" src=\"https:\/\/i0.wp.com\/cebem.org\/wp-content\/uploads\/2019\/07\/encabezado.jpg?resize=700%2C98\" alt=\"\" class=\"wp-image-5689\" srcset=\"https:\/\/i0.wp.com\/cebem.org\/wp-content\/uploads\/2019\/07\/encabezado.jpg?w=700&amp;ssl=1 700w, https:\/\/i0.wp.com\/cebem.org\/wp-content\/uploads\/2019\/07\/encabezado.jpg?resize=300%2C42&amp;ssl=1 300w, https:\/\/i0.wp.com\/cebem.org\/wp-content\/uploads\/2019\/07\/encabezado.jpg?resize=600%2C84&amp;ssl=1 600w\" sizes=\"(max-width: 700px) 100vw, 700px\" \/><\/figure><\/div>\n\n\n\n<p><strong>Servicios Ofrecidos<\/strong><\/p>\n\n\n\n<p>REDESMA, la\nred de Desarrollo Sostenible y Medio Ambiente cuenta a la fecha con m\u00e1s de <strong>150,000 usuarios<\/strong> distribuidos en\nBolivia y otros pa\u00edses de Latino Am\u00e9rica, as\u00ed como Estados Unidos y Europa.<\/p>\n\n\n\n<p>Los usuarios cubren los sectores privado, p\u00fablico,\nONG\u2019s, cooperaci\u00f3n internacional, instituciones acad\u00e9micas y organizaciones de\nbase.<\/p>\n\n\n\n<p>Podemos afirmar con estos datos, que REDESMA es una\nred de continuo y amplio crecimiento y sin lugar a duda alcanza a un p\u00fablico\nespec\u00edfico e interesado en toda la tem\u00e1tica de Desarrollo Sostenible y Medio\nAmbiente. <\/p>\n\n\n\n<p>Actualmente REDESMA no cuenta con financiamiento de\nning\u00fan tipo, es por ello que al contratar uno de nuestros servicios usted apoya\na que esta red pueda seguir con la labor de manera gratuita.<\/p>\n\n\n\n<h2 class=\"wp-block-heading\">1) Boletines especiales o Bolet\u00edn EXTRA<\/h2>\n\n\n\n<div class=\"wp-block-image\"><figure class=\"alignleft is-resized\"><img data-recalc-dims=\"1\" decoding=\"async\" src=\"https:\/\/i0.wp.com\/cebem.org\/wp-content\/uploads\/2019\/07\/bol_extra-192x300.jpg?w=150\" alt=\"\" class=\"wp-image-5695\"  srcset=\"https:\/\/i0.wp.com\/cebem.org\/wp-content\/uploads\/2019\/07\/bol_extra.jpg?resize=192%2C300&amp;ssl=1 192w, https:\/\/i0.wp.com\/cebem.org\/wp-content\/uploads\/2019\/07\/bol_extra.jpg?w=355&amp;ssl=1 355w\" sizes=\"(max-width: 192px) 100vw, 192px\" \/><figcaption>Ejemplo de Bolet\u00edn EXTRA<\/figcaption><\/figure><\/div>\n\n\n\n<p>Este bolet\u00edn se realiza espec\u00edficamente para las\norganizaciones que tienen inter\u00e9s en difundir algo espec\u00edfico e inextenso, como<em> requerimientos de personal, convocatorias,\nposiciones en particular sobre alg\u00fan tema o eventos especiales. <strong>Cabe aclarar que REDESMA NO ACEPTA NI SACA\nanuncios publicitarios o propaganda sobre temas comunes<\/strong><\/em><strong>.<\/strong> Con los boletines <em>Especiales REDESMA<\/em>, usted asegura que su\npublicaci\u00f3n llegue a personas interesadas en la tem\u00e1tica y no sea pasado por\nalto, adem\u00e1s de darse a conocer fuera de Bolivia.<\/p>\n\n\n\n<p>Este bolet\u00edn se emite en cualquier fecha y su emisi\u00f3n\nest\u00e1 sujeta a previa aprobaci\u00f3n con la instituci\u00f3n que contrata el servicio. <\/p>\n\n\n\n<p>Los precios de este servicio son los siguientes:<\/p>\n\n\n\n<ul class=\"wp-block-list\"><li><strong><em>Una\np\u00e1gina a p\u00e1gina y media formato word: <\/em><\/strong>Bs. 1,100 bolivianos <\/li><li><strong><em>Dos\np\u00e1ginas a dos p\u00e1ginas y media formato word:<\/em><\/strong> Bs.1,500 bolivianos <\/li><li><strong><em>Tres\np\u00e1ginas a cuatro p\u00e1ginas formato word:<\/em><\/strong> Bs. 2,000 bolivianos <\/li><\/ul>\n\n\n\n<p>Recomendamos que se nos env\u00ede tambi\u00e9n logos de la\ninstituci\u00f3n o alguna imagen, para aligerar el texto. No recomendamos sobrepasar\nlas cuatro p\u00e1ginas, ya que un usuario lee con inter\u00e9s alrededor de 2 p\u00e1ginas y\nmedia. <\/p>\n\n\n\n<p>La preparaci\u00f3n del Bolet\u00edn es inmediata a la recepci\u00f3n\nde la informaci\u00f3n, y su difusi\u00f3n tambi\u00e9n se realiza apenas se recibe la\naprobaci\u00f3n.<\/p>\n\n\n\n<p><strong>Ventajas sobre medios\nescritos (Prensa)<\/strong><\/p>\n\n\n\n<p><em>Precios (aproximados)<\/em><\/p>\n\n\n\n<p>187 $us por un espacio de 10&#215;10<\/p>\n\n\n\n<p>360 $us por cuarta p\u00e1gina<\/p>\n\n\n\n<p>N\u00famero de publicaciones: 15,000 a 30,000 <\/p>\n\n\n\n<h2 class=\"wp-block-heading\"><strong>2) Banners en el sitio web: <a href=\"http:\/\/www.cebem.org\">www.cebem.org<\/a> o en boletines mensuales<\/strong><\/h2>\n\n\n\n<div class=\"wp-block-image\"><figure class=\"alignleft is-resized\"><a href=\"http:\/\/cebem.org\/?wysija-page=1&amp;controller=email&amp;action=view&amp;email_id=41&amp;wysijap=subscriptions\" target=\"_blank\" rel=\"noreferrer noopener\"><img data-recalc-dims=\"1\" decoding=\"async\" src=\"https:\/\/i0.wp.com\/cebem.org\/wp-content\/uploads\/2019\/07\/bol_mes-186x300.jpg?resize=146%2C235\" alt=\"\" class=\"wp-image-5696\" width=\"146\" height=\"235\" srcset=\"https:\/\/i0.wp.com\/cebem.org\/wp-content\/uploads\/2019\/07\/bol_mes.jpg?resize=186%2C300&amp;ssl=1 186w, https:\/\/i0.wp.com\/cebem.org\/wp-content\/uploads\/2019\/07\/bol_mes.jpg?w=399&amp;ssl=1 399w\" sizes=\"(max-width: 146px) 100vw, 146px\" \/><\/a><figcaption>Ejemplo de Como se va a ver el Banner en el Bolet\u00edn<\/figcaption><\/figure><\/div>\n\n\n\n<p>Estos son peque\u00f1os espacios visuales que pueden\nincluirse dentro del bolet\u00edn mensual de CEBEM &#8211; REDESMA o en el sitio web, que\na su vez incluyen un enlace a su sitio web o a alg\u00fan documento que desee\ndifundir.<\/p>\n\n\n\n<p>Los precios de este servicio son los siguientes:<\/p>\n\n\n\n<ul class=\"wp-block-list\"><li>Banner\nen <strong>bolet\u00edn mensual <\/strong>de CEBEM &#8211; REDESMA\ncon validez para una publicaci\u00f3n en un mes. Bs. 270.- &nbsp;(doscientos setenta 00\/100 bolivianos).<\/li><\/ul>\n\n\n\n<ul class=\"wp-block-list\"><li>Banner\nen portal CEBEM &#8211; REDESMA con validez hasta un mes. Bs. 290.- (doscientos\nnoventa 00\/100 bolivianos).<\/li><\/ul>\n\n\n\n<p>Para incluir su Banner requerimos del logo de su\ninstituci\u00f3n y los enlaces a los cuales se dirigir\u00e1.<\/p>\n\n\n\n<h2 class=\"wp-block-heading\"><strong>3) Logotipo o Banner en los Boletines Extras: <\/strong><\/h2>\n\n\n\n<p><strong>NUEVA OPCI\u00d3N<\/strong><\/p>\n\n\n\n<div class=\"wp-block-image\"><figure class=\"alignleft is-resized\"><a href=\"https:\/\/i0.wp.com\/cebem.org\/boletin\/img\/inst_amiga.jpg\" target=\"_blank\" rel=\"noreferrer noopener\"><img data-recalc-dims=\"1\" decoding=\"async\" src=\"https:\/\/i0.wp.com\/cebem.org\/wp-content\/uploads\/2019\/07\/ins_amigas-166x300.jpg?resize=146%2C280\" alt=\"\" class=\"wp-image-5698\" width=\"146\" height=\"280\"\/><\/a><figcaption>En este lugar aparecer\u00e1 tu Logotipo donde esta enmarcado con Rojo<\/figcaption><\/figure><\/div>\n\n\n\n<p>Tambi\u00e9n les informamos que podemos colocar el logotipo o alg\u00fan banner con informaci\u00f3n de  evento que este realizando su Instituci\u00f3n, en los boletines extras de REDESMA, que a su vez incluir\u00e1n un enlace a su sitio web. Estos boletines salen en cualquier momento del d\u00eda y el logotipo saldr\u00e1 en todos los boletines por el lapso de un mes a partir de la solicitud que Uds. nos hagan.<\/p>\n\n\n\n<p>El precio de\neste servicio es el siguiente:<\/p>\n\n\n\n<ul class=\"wp-block-list\"><li>Logotipo o Banner en el Bolet\u00edn Extra de REDESMA con validez para un mes Bs. 300.- (trescientos 00\/100 bolivianos).<\/li><\/ul>\n\n\n\n<p>Para cualquier duda, por\nfavor contactarse con Selva Escalera (<a href=\"mailto:selva@cebem.org\">selva@cebem.org<\/a>) <\/p>\n\n\n\n<p>Para el pago de cualquiera\nde las tres opciones el pago podr\u00e1 ser: Mediante un cheque a nombre de <strong>CEBEM <\/strong>o realizar un dep\u00f3sito a la\nCuenta Corriente<strong>No 130861-001-9<\/strong> <strong>Banco BISA en bolivianos<\/strong> a nombre del\nCEBEM, una vez realizado el deposito deber\u00e1 hacernos llegar\nimprescindiblemente v\u00eda mail o fax la papeleta de dep\u00f3sito, para el\nrespectivo envi\u00f3 del Bolet\u00edn extra.<\/p>\n\n\n\n<p><strong>Atenci\u00f3n<\/strong>: Para las\nInstituci\u00f3n del sector P\u00fablico y o alguna otra instituci\u00f3n que requiera contamos\ncon el <strong>Registro en el Sistema de\nInformaci\u00f3n y Gesti\u00f3n del Empleo P\u00fablico (SIGEP)<\/strong> mediante este Sistema las\ninstituciones p\u00fablicas pueden realizar sus pagos.<\/p>\n\n\n\n<p>Con relaci\u00f3n a la emisi\u00f3n\nde la factura deber\u00e1 hacernos conocer su <strong>n\u00famero\nde NIT<\/strong> y el <strong>nombre a quien se\nemitir\u00e1 la misma<\/strong>, Una direcci\u00f3n donde haremos llegar la factura y tel\u00e9fono\npara comunicarnos con usted.<\/p>\n\n\n\n<p>Gracias por su atenci\u00f3n,<\/p>\n\n\n\n<p>Selva Escalera <br> Responsable de Difusi\u00f3n REDESMA \u2013 CEBEM <\/p>\n","protected":false},"excerpt":{"rendered":"<p>Servicios Ofrecidos REDESMA, la red de Desarrollo Sostenible y Medio Ambiente cuenta a la fecha con m\u00e1s de 150,000 usuarios distribuidos en Bolivia y otros pa\u00edses de Latino Am\u00e9rica, as\u00ed como Estados Unidos y Europa. Los usuarios cubren los sectores privado, p\u00fablico, ONG\u2019s, cooperaci\u00f3n internacional, instituciones acad\u00e9micas y organizaciones de base. Podemos afirmar con estos &hellip; <\/p>\n<p><a class=\"more-link btn\" href=\"https:\/\/cebem.org\/?page_id=5541\">Seguir leyendo<\/a><\/p>\n","protected":false},"author":2,"featured_media":0,"parent":0,"menu_order":0,"comment_status":"closed","ping_status":"closed","template":"","meta":{"footnotes":""},"class_list":["post-5541","page","type-page","status-publish","hentry","nodate","item-wrap"],"jetpack_sharing_enabled":true,"_links":{"self":[{"href":"https:\/\/cebem.org\/index.php?rest_route=\/wp\/v2\/pages\/5541","targetHints":{"allow":["GET"]}}],"collection":[{"href":"https:\/\/cebem.org\/index.php?rest_route=\/wp\/v2\/pages"}],"about":[{"href":"https:\/\/cebem.org\/index.php?rest_route=\/wp\/v2\/types\/page"}],"author":[{"embeddable":true,"href":"https:\/\/cebem.org\/index.php?rest_route=\/wp\/v2\/users\/2"}],"replies":[{"embeddable":true,"href":"https:\/\/cebem.org\/index.php?rest_route=%2Fwp%2Fv2%2Fcomments&post=5541"}],"version-history":[{"count":19,"href":"https:\/\/cebem.org\/index.php?rest_route=\/wp\/v2\/pages\/5541\/revisions"}],"predecessor-version":[{"id":5715,"href":"https:\/\/cebem.org\/index.php?rest_route=\/wp\/v2\/pages\/5541\/revisions\/5715"}],"wp:attachment":[{"href":"https:\/\/cebem.org\/index.php?rest_route=%2Fwp%2Fv2%2Fmedia&parent=5541"}],"curies":[{"name":"wp","href":"https:\/\/api.w.org\/{rel}","templated":true}]}}