
{"id":5299,"date":"2019-05-20T10:33:07","date_gmt":"2019-05-20T14:33:07","guid":{"rendered":"http:\/\/cebem.org\/?page_id=5299"},"modified":"2019-05-20T10:33:09","modified_gmt":"2019-05-20T14:33:09","slug":"sendas-de-turismo-comunitario","status":"publish","type":"page","link":"https:\/\/cebem.org\/?page_id=5299","title":{"rendered":"Sendas de Turismo Comunitario"},"content":{"rendered":"\n<div class=\"wp-block-image\"><figure class=\"aligncenter\"><img data-recalc-dims=\"1\" fetchpriority=\"high\" decoding=\"async\" width=\"750\" height=\"422\" src=\"https:\/\/i0.wp.com\/cebem.org\/wp-content\/uploads\/2016\/02\/Copertina-Youtube-1024x576.png?resize=750%2C422\" alt=\"\u201cSendas de Turismo Comunitario\u201d nace para compartir y difundir nuestros emprendimientos en turismo\" class=\"wp-image-5160\" srcset=\"https:\/\/i0.wp.com\/cebem.org\/wp-content\/uploads\/2016\/02\/Copertina-Youtube.png?resize=1024%2C576&amp;ssl=1 1024w, https:\/\/i0.wp.com\/cebem.org\/wp-content\/uploads\/2016\/02\/Copertina-Youtube.png?resize=300%2C169&amp;ssl=1 300w, https:\/\/i0.wp.com\/cebem.org\/wp-content\/uploads\/2016\/02\/Copertina-Youtube.png?resize=768%2C432&amp;ssl=1 768w, https:\/\/i0.wp.com\/cebem.org\/wp-content\/uploads\/2016\/02\/Copertina-Youtube.png?resize=600%2C338&amp;ssl=1 600w, https:\/\/i0.wp.com\/cebem.org\/wp-content\/uploads\/2016\/02\/Copertina-Youtube.png?w=1500&amp;ssl=1 1500w, https:\/\/i0.wp.com\/cebem.org\/wp-content\/uploads\/2016\/02\/Copertina-Youtube.png?w=2250&amp;ssl=1 2250w\" sizes=\"(max-width: 750px) 100vw, 750px\" \/><\/figure><\/div>\n\n\n\n<p>\u201cSendas de Turismo Comunitario\u201d nace para compartir y difundir nuestros  emprendimientos en turismo, enfocados desde la mirada y los intereses de  la comunidad. El turismo comunitario  es el escenario apropiado para el desarrollo local por las  oportunidades de inclusi\u00f3n social y econ\u00f3mica de su poblaci\u00f3n. Compartir  es una oportunidad de reconocimiento y revalorizaci\u00f3n de la cultura,  patrimonio vivo de los pueblos y de las riquezas locales: paisaje  natural, recursos naturales, monumentos hist\u00f3ricos, entre muchos otros  objetos tur\u00edsticos. <\/p>\n\n\n\n<div class=\"wp-block-button aligncenter\"><a class=\"wp-block-button__link\" href=\"http:\/\/turismocomunitario.cebem.org\/\">VISITE la p\u00e1gina de Sendas<\/a><\/div>\n","protected":false},"excerpt":{"rendered":"<p>\u201cSendas de Turismo Comunitario\u201d nace para compartir y difundir nuestros emprendimientos en turismo, enfocados desde la mirada y los intereses de la comunidad. El turismo comunitario es el escenario apropiado para el desarrollo local por las oportunidades de inclusi\u00f3n social y econ\u00f3mica de su poblaci\u00f3n. Compartir es una oportunidad de reconocimiento y revalorizaci\u00f3n de la &hellip; <\/p>\n<p><a class=\"more-link btn\" href=\"https:\/\/cebem.org\/?page_id=5299\">Seguir leyendo<\/a><\/p>\n","protected":false},"author":2,"featured_media":0,"parent":865,"menu_order":0,"comment_status":"closed","ping_status":"closed","template":"","meta":{"footnotes":""},"class_list":["post-5299","page","type-page","status-publish","hentry","nodate","item-wrap"],"jetpack_sharing_enabled":true,"_links":{"self":[{"href":"https:\/\/cebem.org\/index.php?rest_route=\/wp\/v2\/pages\/5299","targetHints":{"allow":["GET"]}}],"collection":[{"href":"https:\/\/cebem.org\/index.php?rest_route=\/wp\/v2\/pages"}],"about":[{"href":"https:\/\/cebem.org\/index.php?rest_route=\/wp\/v2\/types\/page"}],"author":[{"embeddable":true,"href":"https:\/\/cebem.org\/index.php?rest_route=\/wp\/v2\/users\/2"}],"replies":[{"embeddable":true,"href":"https:\/\/cebem.org\/index.php?rest_route=%2Fwp%2Fv2%2Fcomments&post=5299"}],"version-history":[{"count":1,"href":"https:\/\/cebem.org\/index.php?rest_route=\/wp\/v2\/pages\/5299\/revisions"}],"predecessor-version":[{"id":5300,"href":"https:\/\/cebem.org\/index.php?rest_route=\/wp\/v2\/pages\/5299\/revisions\/5300"}],"up":[{"embeddable":true,"href":"https:\/\/cebem.org\/index.php?rest_route=\/wp\/v2\/pages\/865"}],"wp:attachment":[{"href":"https:\/\/cebem.org\/index.php?rest_route=%2Fwp%2Fv2%2Fmedia&parent=5299"}],"curies":[{"name":"wp","href":"https:\/\/api.w.org\/{rel}","templated":true}]}}

<div class="wp-block-image"><figure class="aligncenter"><img data-recalc-dims="1" fetchpriority="high" decoding="async" width="750" height="422" src="https://i0.wp.com/cebem.org/wp-content/uploads/2016/02/Copertina-Youtube-1024x576.png?resize=750%2C422" alt="“Sendas de Turismo Comunitario” nace para compartir y difundir nuestros emprendimientos en turismo" class="wp-image-5160" srcset="https://i0.wp.com/cebem.org/wp-content/uploads/2016/02/Copertina-Youtube.png?resize=1024%2C576&amp;ssl=1 1024w, https://i0.wp.com/cebem.org/wp-content/uploads/2016/02/Copertina-Youtube.png?resize=300%2C169&amp;ssl=1 300w, https://i0.wp.com/cebem.org/wp-content/uploads/2016/02/Copertina-Youtube.png?resize=768%2C432&amp;ssl=1 768w, https://i0.wp.com/cebem.org/wp-content/uploads/2016/02/Copertina-Youtube.png?resize=600%2C338&amp;ssl=1 600w, https://i0.wp.com/cebem.org/wp-content/uploads/2016/02/Copertina-Youtube.png?w=1500&amp;ssl=1 1500w, https://i0.wp.com/cebem.org/wp-content/uploads/2016/02/Copertina-Youtube.png?w=2250&amp;ssl=1 2250w" sizes="(max-width: 750px) 100vw, 750px" /></figure></div>



<p>“Sendas de Turismo Comunitario” nace para compartir y difundir nuestros  emprendimientos en turismo, enfocados desde la mirada y los intereses de  la comunidad. El turismo comunitario  es el escenario apropiado para el desarrollo local por las  oportunidades de inclusión social y económica de su población. Compartir  es una oportunidad de reconocimiento y revalorización de la cultura,  patrimonio vivo de los pueblos y de las riquezas locales: paisaje  natural, recursos naturales, monumentos históricos, entre muchos otros  objetos turísticos. </p>



<div class="wp-block-button aligncenter"><a class="wp-block-button__link" href="http://turismocomunitario.cebem.org/">VISITE la página de Sendas</a></div>

<p>“Sendas de Turismo Comunitario” nace para compartir y difundir nuestros emprendimientos en turismo, enfocados desde la mirada y los intereses de la comunidad. El turismo comunitario es el escenario apropiado para el desarrollo local por las oportunidades de inclusión social y económica de su población. Compartir es una oportunidad de reconocimiento y revalorización de la &hellip; </p>
<p><a class="more-link btn" href="https://cebem.org/?page_id=5299">Seguir leyendo</a></p>
