
{"id":37,"date":"2016-01-13T17:09:29","date_gmt":"2016-01-13T21:09:29","guid":{"rendered":"http:\/\/cebem.org\/?page_id=37"},"modified":"2022-08-15T10:31:08","modified_gmt":"2022-08-15T14:31:08","slug":"participacion-y-control-ciudadano-para-el-cumplimiento-de-las-ofertas-electorales-departamentales-y-municipales-2015","status":"publish","type":"page","link":"https:\/\/cebem.org\/?page_id=37","title":{"rendered":"Participaci\u00f3n y Control Ciudadano para el cumplimiento de las ofertas electorales Departamentales y Municipales 2015"},"content":{"rendered":"<h2>Presentaci\u00f3n<\/h2>\n<p>La propuesta parte de recoger la experiencia desarrollada en las dos intervenciones anteriores de Cebem: el primero identificando el tema auton\u00f3mico como un eje que se pod\u00eda explotar como propuesta pol\u00edtica para posicionar opciones alternativas en relaci\u00f3n al accionar gubernamental, para lo que se trabaj\u00f3 una investigaci\u00f3n que dejo al descubierto las falencias del proceso auton\u00f3mico en Bolivia; lo que no fue asumido plenamente, especialmente por las fuerzas de oposici\u00f3n. La intervenci\u00f3n del a\u00f1o 2014, parti\u00f3 de recoger iniciativas de pol\u00edticas p\u00fablicas a ser incorporada en los programas electorales, desde la ciudadan\u00eda, para que sean incorporadas por los partidos pol\u00edticos intervinientes en las elecciones, lo que as\u00ed sucedi\u00f3 aunque cada uno de ellos lo hizo con sello propio.<\/p>\n<p><strong>Descargas:<\/strong><\/p>\n<ul>\n<li><a href=\"http:\/\/cebem.org\/wp-content\/uploads\/2016\/01\/cebem.org-p37-presentacion_del_proyecto.pdf\" target=\"_blank\" rel=\"noopener\">Documento de presentaci\u00f3n completo<\/a> (PDF, 69 KB)<\/li>\n<li><a href=\"http:\/\/cebem.org\/wp-content\/uploads\/2016\/01\/cebem.org-p37-informe_de_avance.pdf\" target=\"_blank\" rel=\"noopener\">Informe de avance<\/a> (PDF, 2 MB)<\/li>\n<li><a href=\"http:\/\/cebem.org\/wp-content\/uploads\/2016\/01\/cebem.org-p37-cartilla_metodologica.pdf\" target=\"_blank\" rel=\"noopener\">Cartilla metodol\u00f3gica<\/a> (PDF, 5 MB)<\/li>\n<\/ul>\n<hr \/>\n<h3><img data-recalc-dims=\"1\" decoding=\"async\" class=\"alignright wp-image-44 size-thumbnail\" src=\"https:\/\/i0.wp.com\/cebem.org\/wp-content\/uploads\/2016\/01\/cebem.org-p37-beni-150x150.png?resize=150%2C150\" alt=\"cebem.org-p37-beni\" width=\"150\" height=\"150\" \/>Departamento Beni<\/h3>\n<ul>\n<li><a href=\"http:\/\/cebem.org\/wp-content\/uploads\/2016\/01\/cebem.org-p37-PROGRAMA_DE_GOBIERNO_DEL_MUNICIPIO_DE_TRINIDAD.pdf\" target=\"_blank\" rel=\"noopener\">Programa de Gobierno Municipal Ciudad de la Sant\u00edsima Trinidad Gestiones 2015-2020<\/a> (PDF, 771 KB)<\/li>\n<li><a href=\"http:\/\/cebem.org\/wp-content\/uploads\/2016\/01\/cebem.org-p37-PLAN_MUNICIPAL_MAS_Beni_2015.pdf\" target=\"_blank\" rel=\"noopener\">Programa de Gobierno 2015 \u2013 2020 para los Municipios del Beni<\/a> (PDF, 364 KB)<\/li>\n<li><a href=\"http:\/\/cebem.org\/wp-content\/uploads\/2016\/01\/cebem.org-p37-GENERACION_DE_PROPUESTAS_ELECTORALES_SUBNACIONALES_Ganadore_Beni.pdf\" rel=\"\">Propuestas a aplicar el seguimiento al cumplimiento de la Oferta Electoral<\/a> (PDF, 518 KB)<\/li>\n<li><a href=\"http:\/\/cebem.org\/wp-content\/uploads\/2016\/01\/ANALISIS-BENI-TRINIDAD_corregido_.xls\" target=\"_blank\" rel=\"noopener\">Reporte Comparativo Gobierno Aut\u00f3nomo del Beni y Municipio de Trinidad<\/a> (EXCEL, 70 KB)<\/li>\n<li><a href=\"http:\/\/cebem.org\/wp-content\/uploads\/2016\/01\/ANALISIS-BENI-TRINIDAD_corregido_-1.xls\" target=\"_blank\" rel=\"noopener\">Reporte Comparativo Gobierno Aut\u00f3nomo del Beni y Municipio de Trinidad,<\/a> 31 diciembre 2016 (EXCEL, 71 KB)<\/li>\n<\/ul>\n<p style=\"padding-left: 30px;\"><strong>Abril 2017<\/strong><\/p>\n<ul>\n<li><a href=\"http:\/\/cebem.org\/wp-content\/uploads\/2016\/01\/BENI-Abril2017.zip\" target=\"_blank\" rel=\"noopener\">Seguimiento al cumplimiento de la oferta electoral<\/a> \u2013 Abril 2017 (Archivo ZIP, 600 KB)<\/li>\n<\/ul>\n<hr \/>\n<h3><img data-recalc-dims=\"1\" decoding=\"async\" class=\"size-thumbnail wp-image-50 alignright\" src=\"https:\/\/i0.wp.com\/cebem.org\/wp-content\/uploads\/2016\/01\/cebem.org-p37-chuquisaca-150x150.png?resize=150%2C150\" alt=\"cebem.org-p37-chuquisaca\" width=\"150\" height=\"150\" \/>Departamento Chuquisaca<\/h3>\n<ul>\n<li><a href=\"http:\/\/cebem.org\/wp-content\/uploads\/2016\/01\/cebem.org-p37-Plan_de_Trabajo_CHQ.pdf\" target=\"_blank\" rel=\"noopener\">Plan de Trabajo Chuquisaca<\/a> (PDF, 392 KB)<\/li>\n<li><a href=\"http:\/\/cebem.org\/wp-content\/uploads\/2016\/01\/cebem.org-p37-GENERACION_DE_PROPUESTAS_ELECTORALES_GANADORES_dpto.CHUQUISACA.pdf\" target=\"_blank\" rel=\"noopener\">Generaci\u00f3n de Propuestas Electorales Ganadores Dpto. Chuquisaca<\/a>\u00a0(PDF, 466 KB)<\/li>\n<li><a href=\"http:\/\/cebem.org\/wp-content\/uploads\/2016\/01\/cebem.org-p37-Presentacion_de_propuestas_alcalde_gobernador_mas.pdf\" target=\"_blank\" rel=\"noopener\">Presentaci\u00f3n Propuesta del Gobernador y Alcalde del MAS<\/a>\u00a0(PDF, 114 KB)<\/li>\n<li><a href=\"http:\/\/cebem.org\/wp-content\/uploads\/2016\/01\/cebem.org-p37-Chuquisaca-_Propuestas_a_ser_fiscalizadas.pdf\" target=\"_blank\" rel=\"noopener\">Selecci\u00f3n de Propuestas de Econom\u00eda, Salud, Educaci\u00f3n<\/a>\u00a0(PDF, 264 KB)<\/li>\n<li><a href=\"http:\/\/cebem.org\/wp-content\/uploads\/2016\/01\/cebem.org-p37-Chuquisaca_-_programa_genero_generacionales_seg_ciud.pdf\" target=\"_blank\" rel=\"noopener\">Selecci\u00f3n de Propuestas de Genero, Generacionales, Cultura, Seguridad Ciudadana<\/a>\u00a0(PDF, 357 KB)<\/li>\n<li><a href=\"http:\/\/cebem.org\/wp-content\/uploads\/2016\/01\/CHUQUISACA_GAD.pdf\" target=\"_blank\" rel=\"noopener\">Seguimiento al Control de la Propuesta Electoral &#8211; Gobernaci\u00f3n Chuquisaca<\/a> (PDF, 196 KB)<\/li>\n<li><a href=\"http:\/\/cebem.org\/wp-content\/uploads\/2016\/01\/CHUQUISACA_GAD-1.pdf\" target=\"_blank\" rel=\"noopener\">Seguimiento al Control de la Propuesta Electoral &#8211; Municipio Sucre<\/a> (PDF, 196 KB)<\/li>\n<li><a href=\"http:\/\/cebem.org\/wp-content\/uploads\/2016\/01\/CHUQUISACA_GAD-2.pdf\" target=\"_blank\" rel=\"noopener\">Seguimiento al Control de la Propuesta Electoral &#8211; Gobernaci\u00f3n Chuquisaca<\/a>, 31 diciembre 2016 (PDF, 196 KB)<\/li>\n<li><a href=\"http:\/\/cebem.org\/wp-content\/uploads\/2016\/01\/CHUQUISACA_GAM-2016.pdf\" target=\"_blank\" rel=\"noopener\">Seguimiento al Control de la Propuesta Electoral &#8211; Municipio de Sucre<\/a>, 31 diciembre 2016 (PDF, 181 KB)<\/li>\n<\/ul>\n<p><strong>Abril\u00a0 2017<\/strong><\/p>\n<ul>\n<li><a href=\"http:\/\/cebem.org\/wp-content\/uploads\/2016\/01\/Chuquisaca-2017.zip\" target=\"_blank\" rel=\"noopener\">Seguimiento al cumplimiento de la oferta electoral<\/a>\u2013 Abril 2017 (Archivo ZIP, 4.9 MB)<\/li>\n<\/ul>\n<hr \/>\n<h3><img data-recalc-dims=\"1\" decoding=\"async\" class=\"size-thumbnail wp-image-57 alignright\" src=\"https:\/\/i0.wp.com\/cebem.org\/wp-content\/uploads\/2016\/01\/cebem.org-p37-cochabamba-150x150.png?resize=150%2C150\" alt=\"cebem.org-p37-cochabamba\" width=\"150\" height=\"150\" \/>Departamento Cochabamba<\/h3>\n<ul>\n<li><a href=\"http:\/\/cebem.org\/wp-content\/uploads\/2016\/01\/cebem.org-p37-PROYECTO_Departamento_de_Cochabamb_con_quillacollo.pdf\" target=\"_blank\" rel=\"noopener\">Generaci\u00f3n de Propuestas Electorales Ganadores Dpto. Cochabamba<\/a> (PDF,458 KB)<\/li>\n<li><a href=\"http:\/\/cebem.org\/wp-content\/uploads\/2016\/01\/cebem.org-p37-Plan_de_Trabajo_CBB.pdf\" target=\"_blank\" rel=\"noopener\">Plan de Trabajo Cochabamba<\/a> (PDF, 393 KB)<\/li>\n<li><a href=\"http:\/\/cebem.org\/wp-content\/uploads\/2016\/01\/cebem.org-p37-Cochabamba-programa_genero_generacionales_seg_ciud.pdf\" target=\"_blank\" rel=\"noopener\">Selecci\u00f3n de Propuestas de G\u00e9nero, Generacionales, Cultura, Seguridad Ciudadana<\/a> (PDF, 266 KB)<\/li>\n<li><a href=\"http:\/\/cebem.org\/wp-content\/uploads\/2016\/01\/cebem.org-p37-Cochabamba.pdf\" target=\"_blank\" rel=\"noopener\">Presentaci\u00f3n propuestas electorales a ser sometidas a control ciudadano de cumplimiento Gobernador y Alcaldes<\/a> (PDF, 128 KB)<\/li>\n<li><a href=\"http:\/\/cebem.org\/wp-content\/uploads\/2016\/01\/cebem.org-p37-Cochabamba-_Propuestas_a_ser_fiscalizadas.pdf\" target=\"_blank\" rel=\"noopener\">Priorizaci\u00f3n de Propuestas Electorales del Grupo de Expertos<\/a> (PDF, 269 KB)<\/li>\n<li><a href=\"http:\/\/cebem.org\/wp-content\/uploads\/2016\/01\/Cochabamba.xlsx\" target=\"_blank\" rel=\"noopener\">Gobierno Aut\u00f3nomo Departamental de Cochabamba<\/a> (EXCEL, 28 KB)<\/li>\n<li><a href=\"http:\/\/cebem.org\/wp-content\/uploads\/2016\/01\/Cochabamba-2016.xls\" target=\"_blank\" rel=\"noopener\">Gobierno Aut\u00f3nomo Departamental de Cochabamba<\/a>, 31 diciembre 2016 (EXCEL, 50 KB)<\/li>\n<\/ul>\n<p><strong>Abril\u00a0 2017<\/strong><\/p>\n<ul>\n<li><a href=\"http:\/\/cebem.org\/wp-content\/uploads\/2016\/01\/Cochabamba-Abril2017.zip\" target=\"_blank\" rel=\"noopener\">Seguimiento al cumplimiento de la oferta electoral<\/a> \u2013 Abril 2017 (Archivo ZIP, 3.4 MB)<\/li>\n<\/ul>\n<hr \/>\n<h3><img data-recalc-dims=\"1\" loading=\"lazy\" decoding=\"async\" class=\"size-thumbnail wp-image-63 alignright\" src=\"https:\/\/i0.wp.com\/cebem.org\/wp-content\/uploads\/2016\/01\/cebem.org-p37-lapaz-150x150.png?resize=150%2C150\" alt=\"cebem.org-p37-lapaz\" width=\"150\" height=\"150\" \/>Departamento La Paz<\/h3>\n<ul>\n<li><a href=\"http:\/\/cebem.org\/wp-content\/uploads\/2016\/01\/cebem.org-p37-Plan_de_Trabajo_LPZ.pdf\" target=\"_blank\" rel=\"noopener\">Plan de Trabajo La Paz<\/a> (PDF, 388 KB)<\/li>\n<li><a href=\"http:\/\/cebem.org\/wp-content\/uploads\/2016\/01\/cebem.org-p37-La_Paz-programa_genero_generacionales_seg_ciud.pdf\" target=\"_blank\" rel=\"noopener\">Selecci\u00f3n de Propuestas de G\u00e9nero, Generacionales, Cultura, Seguridad Ciudadana<\/a> (PDF, 342 KB)<\/li>\n<li><a href=\"http:\/\/cebem.org\/wp-content\/uploads\/2016\/01\/cebem.org-p37-Presentacion_propuestas_La_Paz.pdf\" target=\"_blank\" rel=\"noopener\">La Paz: Propuestas electorales a ser sometidas a control ciudadano de cumplimiento<\/a> (PDF, 117 KB)<\/li>\n<li><a href=\"http:\/\/cebem.org\/wp-content\/uploads\/2016\/01\/cebem.org-p37-La_Paz-_Propuestas_a_ser_fiscalizadas.pdf\" target=\"_blank\" rel=\"noopener\">Priorizaci\u00f3n de Propuestas Electorales del Grupo de Expertos<\/a> (PDF, 344 KB)<\/li>\n<li><a href=\"http:\/\/cebem.org\/wp-content\/uploads\/2016\/01\/cebem.org-p37-Departamento_de_La_Paz-_Ganadores.pdf\" target=\"_blank\" rel=\"noopener\">Generaci\u00f3n de Propuestas Electorales Ganadores Dpto. La Paz<\/a> (PDF, 517 KB)<\/li>\n<li><a href=\"http:\/\/cebem.org\/wp-content\/uploads\/2016\/01\/Informe-La-Paz.pdf\" target=\"_blank\" rel=\"noopener\">An\u00e1lisis Oferta Electoral, Poa y Presupuesto<\/a> (PDF 135 KB)<\/li>\n<li><a href=\"http:\/\/cebem.org\/wp-content\/uploads\/2016\/01\/Informe-La-Paz-2016.pdf\" target=\"_blank\" rel=\"noopener\">An\u00e1lisis Oferta Electoral, POA y Presupuesto<\/a>, 31 diciembre 2016 (PDF 131 KB)<\/li>\n<\/ul>\n<p><strong>Abril\u00a0 2017<\/strong><\/p>\n<ul>\n<li><a href=\"http:\/\/cebem.org\/wp-content\/uploads\/2016\/01\/LaPaz-Abril2017.zip\" target=\"_blank\" rel=\"noopener\">Seguimiento al cumplimiento de la oferta electoral<\/a>\u00a0\u2013 Abril 2017 (Archivo ZIP, 194 KB)<\/li>\n<\/ul>\n<hr \/>\n<h3><img data-recalc-dims=\"1\" loading=\"lazy\" decoding=\"async\" class=\"size-thumbnail wp-image-69 alignright\" src=\"https:\/\/i0.wp.com\/cebem.org\/wp-content\/uploads\/2016\/01\/cebem.org-p37-santacruz-150x150.png?resize=150%2C150\" alt=\"cebem.org-p37-santacruz\" width=\"150\" height=\"150\" \/>Departamento Santa Cruz<\/h3>\n<ul>\n<li><a href=\"http:\/\/cebem.org\/wp-content\/uploads\/2016\/01\/cebem.org-p37-Santa_Cruz_-_Presentacion.pdf\" target=\"_blank\" rel=\"noopener\">Santa Cruz: Propuestas electorales a ser sometidas a control ciudadano de cumplimiento Gobernador, Alcalde<\/a> (PDF, 128 KB)<\/li>\n<li><a href=\"http:\/\/cebem.org\/wp-content\/uploads\/2016\/01\/cebem.org-p37-Santa_Cruz-_Propuestas_a_ser_fiscalizadas.pdf\" target=\"_blank\" rel=\"noopener\">Priorizaci\u00f3n de Propuestas Electorales del Grupo de Expertos<\/a> (PDF, 332 KB)<\/li>\n<li><a href=\"http:\/\/cebem.org\/wp-content\/uploads\/2016\/01\/cebem.org-p37-Santa_Cruz_-_programa_genero_generacionales_seg_ciud.pdf\" target=\"_blank\" rel=\"noopener\">Selecci\u00f3n de Propuestas de G\u00e9nero, Generacionales, Cultura, Seguridad Ciudadana<\/a> (PDF, 236 KB)<\/li>\n<li><a href=\"http:\/\/cebem.org\/wp-content\/uploads\/2016\/01\/cebem.org-p37-PROYECTO__Departamento_de_Santa_Cruz_ganadores.pdf\" target=\"_blank\" rel=\"noopener\">Presentaci\u00f3n propuestas electorales, Gobernador y Alcaldes<\/a> (PDF, 400 KB)<\/li>\n<li><a href=\"http:\/\/cebem.org\/wp-content\/uploads\/2016\/01\/cebem.org-p37-Plan_de_Trabajo_SCZ.pdf\" target=\"_blank\" rel=\"noopener\">Plan de Trabajo Santa Cruz<\/a> (PDF, 398 KB)<\/li>\n<li><a href=\"http:\/\/cebem.org\/wp-content\/uploads\/2016\/01\/Informe-Gobernacion-Santa-Cruz.pdf\" target=\"_blank\" rel=\"noopener\">Propuestas electorales a ser sometidas a control ciudadano de cumplimiento<\/a> (PDF, 108 KB)<\/li>\n<li><a href=\"http:\/\/cebem.org\/wp-content\/uploads\/2016\/01\/Informe-Municipal-Santa-Cruz-05_04_.pdf\" target=\"_blank\" rel=\"noopener\">Seguimiento al Cumplimiento de la Oferta Electoral &#8211; Gobierno Aut\u00f3nomo Municipal de Santa Cruz<\/a> (PDF, 35 KB)<\/li>\n<li><a href=\"http:\/\/cebem.org\/wp-content\/uploads\/2016\/01\/Informe-Gobernacion-Santa-Cruz-2016.pdf\" target=\"_blank\" rel=\"noopener\">Propuestas electorales a ser sometidas a control ciudadano de cumplimiento<\/a>, 31 diciembre 2016 (PDF, 108 KB)<\/li>\n<li><a href=\"http:\/\/cebem.org\/wp-content\/uploads\/2016\/01\/Informe-Municipal-Santa-Cruz-05_04_2016.pdf\" target=\"_blank\" rel=\"noopener\">Seguimiento al Cumplimiento de la Oferta Electoral &#8211; Gobierno Aut\u00f3nomo Municipal de Santa Cruz<\/a>, 31 diciembre 2016 (PDF, 36 KB)<\/li>\n<\/ul>\n<p><strong>Abril\u00a0 2017<\/strong><\/p>\n<ul>\n<li><a href=\"http:\/\/cebem.org\/wp-content\/uploads\/2016\/01\/SantaCruz-Abril2017.zip\" target=\"_blank\" rel=\"noopener\">Seguimiento al cumplimiento de la oferta electoral<\/a> \u2013 Abril 2017 (Archivo ZIP, 22 MB)<\/li>\n<\/ul>\n<hr \/>\n<h3><img data-recalc-dims=\"1\" loading=\"lazy\" decoding=\"async\" class=\"size-thumbnail wp-image-76 alignright\" src=\"https:\/\/i0.wp.com\/cebem.org\/wp-content\/uploads\/2016\/01\/cebem.org-p37-tarija-150x150.png?resize=150%2C150\" alt=\"cebem.org-p37-tarija\" width=\"150\" height=\"150\" \/>Departamento Tarija<\/h3>\n<ul>\n<li><a href=\"http:\/\/cebem.org\/wp-content\/uploads\/2016\/01\/cebem.org-p37-Tarija-_Propuestas_a_ser_fiscalizadas.pdf\" target=\"_blank\" rel=\"noopener\">Propuestas a ser fiscalizadas en Tarija<\/a> (PDF, 265 KB)<\/li>\n<li><a href=\"http:\/\/cebem.org\/wp-content\/uploads\/2016\/01\/cebem.org-p37-Programa_para_el_Gobierno_Departamental_de_Tarija_UDA_1.pdf\" target=\"_blank\" rel=\"noopener\">Plan de Gobierno: La Plata del Gas para el Pueblo, partido UD-A<\/a> (PDF, 544 KB)<\/li>\n<li><a href=\"http:\/\/cebem.org\/wp-content\/uploads\/2016\/01\/cebem.org-p37-Plan_de_Trabajo_TJA.pdf\" target=\"_blank\" rel=\"noopener\">Plan de Trabajo Tarija<\/a> (PDF, 395 KB)<\/li>\n<li><a href=\"http:\/\/cebem.org\/wp-content\/uploads\/2016\/01\/cebem.org-p37-GENERACION_DE_PROPUESTAS_ELECTORALES__SUBNACIONALES_Ganadores_Tarija.pdf\" target=\"_blank\" rel=\"noopener\">Generaci\u00f3n de Propuestas Electorales Subnacionales Ganadores Tarija<\/a> (PDF, 518 KB)<\/li>\n<li><a href=\"http:\/\/cebem.org\/wp-content\/uploads\/2016\/01\/cebem.org-p37-259210202-Programa-Unir-Rodrigo-Paz.pdf\" target=\"_blank\" rel=\"noopener\">Programa de Gobierno Municipal Gesti\u00f3n 2015 \u2013 2020, partido UNIR<\/a> (PDF, 748 KB)<\/li>\n<li><a href=\"http:\/\/cebem.org\/wp-content\/uploads\/2016\/01\/cebem.org-p37-Cartas_Tarija.pdf\" target=\"_blank\" rel=\"noopener\">Cartas a instituciones para solicitud de informaci\u00f3n<\/a> (PDF, 276 KB)<\/li>\n<li><a href=\"http:\/\/cebem.org\/wp-content\/uploads\/2016\/01\/TARIJA_FINAL_2015.xls\" target=\"_blank\" rel=\"noopener\">Seguimiento Propuesta Electoral &#8211; Planificaci\u00f3n Operativa Anual, Gobierno Municipal De Tarija Gesti\u00f3n 2015<\/a> (EXCEL, 4.15 MB)<\/li>\n<li><a href=\"http:\/\/cebem.org\/wp-content\/uploads\/2016\/01\/TARIJA_FINAL_2016.xls\" target=\"_blank\" rel=\"noopener\">Seguimiento Propuesta Electoral &#8211; Planificaci\u00f3n Operativa Anual, Gobierno Departamental de Tarija Gesti\u00f3n 2016<\/a> (EXCEL, 73 KB)<\/li>\n<li><a href=\"http:\/\/cebem.org\/wp-content\/uploads\/2016\/01\/TARIJA_FINAL_2016-1.xls\" target=\"_blank\" rel=\"noopener\">Seguimiento Propuesta Electoral &#8211; Planificaci\u00f3n Operativa Anual<\/a>, 31 diciembre 2016 (EXCEL 4 MB)<\/li>\n<\/ul>\n<p><strong>Abril\u00a0 2017<\/strong><\/p>\n<ul>\n<li><a href=\"http:\/\/cebem.org\/wp-content\/uploads\/2016\/01\/Tarija-Abril2017.zip\" target=\"_blank\" rel=\"noopener\">Seguimiento al cumplimiento de la oferta electoral<\/a> \u2013 Abril 2017 (Archivo ZIP, 17.3 MB)<\/li>\n<\/ul>\n<hr \/>\n<h3><a href=\"https:\/\/i0.wp.com\/cebem.org\/wp-content\/uploads\/2016\/01\/bolivia-oruro.jpg\"><img data-recalc-dims=\"1\" loading=\"lazy\" decoding=\"async\" class=\"alignright size-thumbnail wp-image-2349\" src=\"https:\/\/i0.wp.com\/cebem.org\/wp-content\/uploads\/2016\/01\/bolivia-oruro-150x150.jpg?resize=150%2C150\" alt=\"\" width=\"150\" height=\"150\" srcset=\"https:\/\/i0.wp.com\/cebem.org\/wp-content\/uploads\/2016\/01\/bolivia-oruro.jpg?resize=150%2C150&amp;ssl=1 150w, https:\/\/i0.wp.com\/cebem.org\/wp-content\/uploads\/2016\/01\/bolivia-oruro.jpg?zoom=2&amp;resize=150%2C150&amp;ssl=1 300w, https:\/\/i0.wp.com\/cebem.org\/wp-content\/uploads\/2016\/01\/bolivia-oruro.jpg?zoom=3&amp;resize=150%2C150&amp;ssl=1 450w\" sizes=\"(max-width: 150px) 100vw, 150px\" \/><\/a>Departamento Oruro<\/h3>\n<ul>\n<li><a href=\"http:\/\/cebem.org\/wp-content\/uploads\/2016\/01\/Oruro-abril2017.zip\" target=\"_blank\" rel=\"noopener\">Seguimiento al cumplimiento de la oferta electoral<\/a> \u2013 Abril 2017 (Archivo ZIP, 5.4 MB)<\/li>\n<\/ul>\n<h3><\/h3>\n<h3><\/h3>\n<h3><\/h3>\n<hr \/>\n<h3><a href=\"https:\/\/i0.wp.com\/cebem.org\/wp-content\/uploads\/2016\/01\/bolivia-potosi.jpg\"><img data-recalc-dims=\"1\" loading=\"lazy\" decoding=\"async\" class=\"alignright size-thumbnail wp-image-2348\" src=\"https:\/\/i0.wp.com\/cebem.org\/wp-content\/uploads\/2016\/01\/bolivia-potosi-150x150.jpg?resize=150%2C150\" alt=\"\" width=\"150\" height=\"150\" srcset=\"https:\/\/i0.wp.com\/cebem.org\/wp-content\/uploads\/2016\/01\/bolivia-potosi.jpg?resize=150%2C150&amp;ssl=1 150w, https:\/\/i0.wp.com\/cebem.org\/wp-content\/uploads\/2016\/01\/bolivia-potosi.jpg?zoom=2&amp;resize=150%2C150&amp;ssl=1 300w, https:\/\/i0.wp.com\/cebem.org\/wp-content\/uploads\/2016\/01\/bolivia-potosi.jpg?zoom=3&amp;resize=150%2C150&amp;ssl=1 450w\" sizes=\"(max-width: 150px) 100vw, 150px\" \/><\/a>Departamento Potosi<\/h3>\n<ul>\n<li><a href=\"http:\/\/cebem.org\/wp-content\/uploads\/2016\/01\/Potosi-abril2017.zip\" target=\"_blank\" rel=\"noopener\">Seguimiento al cumplimiento de la oferta electoral<\/a> \u2013 Abril 2017 (Archivo ZIP, 15.3 MB)<\/li>\n<\/ul>\n<h3><\/h3>\n<h3><\/h3>\n<h3><\/h3>\n<hr \/>\n<h3><strong>An\u00e1lisis comparativo<\/strong><\/h3>\n<p>El ejercicio ha incluido 4 an\u00e1lisis comparativos:<\/p>\n<ol>\n<li>Gobernaciones departamentales grandes (en recursos): Tarija, Santa Cruz y Chuquisaca, por las regal\u00edas <a href=\"http:\/\/cebem.org\/wp-content\/uploads\/2016\/01\/ComparaciondeGADs.pdf\" target=\"_blank\" rel=\"noopener\">DESCARGAR<\/a><\/li>\n<li>Gobernaciones Departamentales medianas: La Paz, Cochabamba y Beni. <a href=\"http:\/\/cebem.org\/wp-content\/uploads\/2016\/01\/LP-CBBA-BENI-GADs-medianos.pdf\" target=\"_blank\" rel=\"noopener\">DESCARGAR<\/a><\/li>\n<li>Gobiernos Municipales grandes: La Paz, Cochabamba, Santa Cruz y El Alto. <a href=\"http:\/\/cebem.org\/wp-content\/uploads\/2016\/01\/Informe-Municipios-Grandes-lp-cbba-scz-el-alto.pdf\" target=\"_blank\" rel=\"noopener\">DESCARGAR<\/a><\/li>\n<li>Gobiernos Muncipalkes medianos: Sucre, Tarija, Trinidad y Quillacollo. <a href=\"http:\/\/cebem.org\/wp-content\/uploads\/2016\/01\/Analisis-municipios-medianos-Sucre-Quil-Tja-Trini.xls\" rel=\"\">DESCARGAR<\/a><\/li>\n<\/ol>\n","protected":false},"excerpt":{"rendered":"<p>Presentaci\u00f3n La propuesta parte de recoger la experiencia desarrollada en las dos intervenciones anteriores de Cebem: el primero identificando el tema auton\u00f3mico como un eje que se pod\u00eda explotar como propuesta pol\u00edtica para posicionar opciones alternativas en relaci\u00f3n al accionar gubernamental, para lo que se trabaj\u00f3 una investigaci\u00f3n que dejo al descubierto las falencias del &hellip; <\/p>\n<p><a class=\"more-link btn\" href=\"https:\/\/cebem.org\/?page_id=37\">Seguir leyendo<\/a><\/p>\n","protected":false},"author":13,"featured_media":63,"parent":1051,"menu_order":4,"comment_status":"closed","ping_status":"closed","template":"","meta":{"footnotes":""},"class_list":["post-37","page","type-page","status-publish","has-post-thumbnail","hentry","nodate","item-wrap"],"jetpack_sharing_enabled":true,"_links":{"self":[{"href":"https:\/\/cebem.org\/index.php?rest_route=\/wp\/v2\/pages\/37","targetHints":{"allow":["GET"]}}],"collection":[{"href":"https:\/\/cebem.org\/index.php?rest_route=\/wp\/v2\/pages"}],"about":[{"href":"https:\/\/cebem.org\/index.php?rest_route=\/wp\/v2\/types\/page"}],"author":[{"embeddable":true,"href":"https:\/\/cebem.org\/index.php?rest_route=\/wp\/v2\/users\/13"}],"replies":[{"embeddable":true,"href":"https:\/\/cebem.org\/index.php?rest_route=%2Fwp%2Fv2%2Fcomments&post=37"}],"version-history":[{"count":24,"href":"https:\/\/cebem.org\/index.php?rest_route=\/wp\/v2\/pages\/37\/revisions"}],"predecessor-version":[{"id":11306,"href":"https:\/\/cebem.org\/index.php?rest_route=\/wp\/v2\/pages\/37\/revisions\/11306"}],"up":[{"embeddable":true,"href":"https:\/\/cebem.org\/index.php?rest_route=\/wp\/v2\/pages\/1051"}],"wp:featuredmedia":[{"embeddable":true,"href":"https:\/\/cebem.org\/index.php?rest_route=\/wp\/v2\/media\/63"}],"wp:attachment":[{"href":"https:\/\/cebem.org\/index.php?rest_route=%2Fwp%2Fv2%2Fmedia&parent=37"}],"curies":[{"name":"wp","href":"https:\/\/api.w.org\/{rel}","templated":true}]}}