
{"id":1735,"date":"2016-12-09T12:39:39","date_gmt":"2016-12-09T16:39:39","guid":{"rendered":"http:\/\/cebem.org\/?page_id=1735"},"modified":"2022-08-15T10:29:30","modified_gmt":"2022-08-15T14:29:30","slug":"dossier-cebem-n1-genero-territorio-y-politicas-publicas","status":"publish","type":"page","link":"https:\/\/cebem.org\/?page_id=1735","title":{"rendered":"Dossier Cebem N\u00b01: G\u00e9nero, Territorio y Pol\u00edticas P\u00fablicas"},"content":{"rendered":"<p><strong><a href=\"https:\/\/i0.wp.com\/cebem.org\/wp-content\/uploads\/2016\/12\/24_156_6346_ar-img1.jpg\"><img data-recalc-dims=\"1\" fetchpriority=\"high\" decoding=\"async\" class=\"alignleft size-medium wp-image-1737\" src=\"https:\/\/i0.wp.com\/cebem.org\/wp-content\/uploads\/2016\/12\/24_156_6346_ar-img1-300x255.jpg?resize=300%2C255\" alt=\"24_156_6346_ar-img1\" width=\"300\" height=\"255\" srcset=\"https:\/\/i0.wp.com\/cebem.org\/wp-content\/uploads\/2016\/12\/24_156_6346_ar-img1.jpg?resize=300%2C255&amp;ssl=1 300w, https:\/\/i0.wp.com\/cebem.org\/wp-content\/uploads\/2016\/12\/24_156_6346_ar-img1.jpg?resize=768%2C653&amp;ssl=1 768w, https:\/\/i0.wp.com\/cebem.org\/wp-content\/uploads\/2016\/12\/24_156_6346_ar-img1.jpg?resize=600%2C510&amp;ssl=1 600w, https:\/\/i0.wp.com\/cebem.org\/wp-content\/uploads\/2016\/12\/24_156_6346_ar-img1.jpg?w=800&amp;ssl=1 800w\" sizes=\"(max-width: 300px) 100vw, 300px\" \/><\/a>CEBEM<\/strong> presento hace unos a\u00f1os el primer Dossier Documental sobre: <strong>\u00abG\u00e9nero, Territorio y Pol\u00edticas P\u00fablicas\u00bb<\/strong>. Este es producto ejemplo del trabajo de dialogo\/aprendizaje de los participantes de nuestros cursos virtuales, entre ellos, el profesor y otros profesionales, interesados en este campo de conocimiento.<\/p>\n<p>Este primer n\u00famero se produjo gracias a la iniciativa y colaboraci\u00f3n de la profesora <strong>Mora Blaser<\/strong>, quien se encarg\u00f3 de seleccionar los mejores art\u00edculos para su disposici\u00f3n. El mismo cuenta con los aportes de otras personas que colaboraron con informaci\u00f3n, lo que lo constituye en un esfuerzo colaborativo de conocimiento.<\/p>\n<p>Esta iniciativa puede extenderse a otros temas, con la colaboraci\u00f3n de ustedes y nuestros participantes. Estamos atentos a iniciativas similares en este u otros temas de utilidad para el aprendizaje diario de quienes est\u00e1n al frente del desarrollo.<\/p>\n<h4><a href=\"http:\/\/cebem.org\/dossier\/\" target=\"_blank\" rel=\"noopener\">Visitar el Dossier<\/a><\/h4>\n","protected":false},"excerpt":{"rendered":"<p>CEBEM presento hace unos a\u00f1os el primer Dossier Documental sobre: \u00abG\u00e9nero, Territorio y Pol\u00edticas P\u00fablicas\u00bb. Este es producto ejemplo del trabajo de dialogo\/aprendizaje de los participantes de nuestros cursos virtuales, entre ellos, el profesor y otros profesionales, interesados en este campo de conocimiento. Este primer n\u00famero se produjo gracias a la iniciativa y colaboraci\u00f3n de &hellip; <\/p>\n<p><a class=\"more-link btn\" href=\"https:\/\/cebem.org\/?page_id=1735\">Seguir leyendo<\/a><\/p>\n","protected":false},"author":2,"featured_media":3231,"parent":1051,"menu_order":0,"comment_status":"closed","ping_status":"closed","template":"","meta":{"footnotes":""},"class_list":["post-1735","page","type-page","status-publish","has-post-thumbnail","hentry","nodate","item-wrap"],"jetpack_sharing_enabled":true,"_links":{"self":[{"href":"https:\/\/cebem.org\/index.php?rest_route=\/wp\/v2\/pages\/1735","targetHints":{"allow":["GET"]}}],"collection":[{"href":"https:\/\/cebem.org\/index.php?rest_route=\/wp\/v2\/pages"}],"about":[{"href":"https:\/\/cebem.org\/index.php?rest_route=\/wp\/v2\/types\/page"}],"author":[{"embeddable":true,"href":"https:\/\/cebem.org\/index.php?rest_route=\/wp\/v2\/users\/2"}],"replies":[{"embeddable":true,"href":"https:\/\/cebem.org\/index.php?rest_route=%2Fwp%2Fv2%2Fcomments&post=1735"}],"version-history":[{"count":5,"href":"https:\/\/cebem.org\/index.php?rest_route=\/wp\/v2\/pages\/1735\/revisions"}],"predecessor-version":[{"id":11305,"href":"https:\/\/cebem.org\/index.php?rest_route=\/wp\/v2\/pages\/1735\/revisions\/11305"}],"up":[{"embeddable":true,"href":"https:\/\/cebem.org\/index.php?rest_route=\/wp\/v2\/pages\/1051"}],"wp:featuredmedia":[{"embeddable":true,"href":"https:\/\/cebem.org\/index.php?rest_route=\/wp\/v2\/media\/3231"}],"wp:attachment":[{"href":"https:\/\/cebem.org\/index.php?rest_route=%2Fwp%2Fv2%2Fmedia&parent=1735"}],"curies":[{"name":"wp","href":"https:\/\/api.w.org\/{rel}","templated":true}]}}